{"id":5961,"date":"2025-06-02T10:38:59","date_gmt":"2025-06-02T10:38:59","guid":{"rendered":"https:\/\/elargarmusical.com\/?page_id=5961"},"modified":"2025-06-02T14:15:56","modified_gmt":"2025-06-02T14:15:56","slug":"juan-de-dios-mateos-tenor-2","status":"publish","type":"page","link":"https:\/\/elargarmusical.com\/?page_id=5961","title":{"rendered":"Pablo G\u00e1lvez Bar\u00edtono"},"content":{"rendered":"\t\t<div data-elementor-type=\"wp-page\" data-elementor-id=\"5961\" class=\"elementor elementor-5961\" data-elementor-post-type=\"page\">\n\t\t\t\t\t\t<section class=\"elementor-section elementor-top-section elementor-element elementor-element-c147c0d elementor-section-full_width elementor-section-stretched elementor-section-height-default elementor-section-height-default\" data-id=\"c147c0d\" data-element_type=\"section\" data-settings=\"{&quot;stretch_section&quot;:&quot;section-stretched&quot;}\">\n\t\t\t\t\t\t<div class=\"elementor-container elementor-column-gap-wider\">\n\t\t\t\t\t<div class=\"elementor-column elementor-col-100 elementor-top-column elementor-element elementor-element-c5cc67f\" data-id=\"c5cc67f\" data-element_type=\"column\">\n\t\t\t<div class=\"elementor-widget-wrap elementor-element-populated\">\n\t\t\t\t\t\t<div class=\"elementor-element elementor-element-c495e78 elementor-hidden-mobile elementor-widget elementor-widget-image\" data-id=\"c495e78\" data-element_type=\"widget\" data-settings=\"{&quot;ekit_we_effect_on&quot;:&quot;none&quot;}\" data-widget_type=\"image.default\">\n\t\t\t\t<div class=\"elementor-widget-container\">\n\t\t\t\t\t\t\t\t\t\t\t\t\t<img fetchpriority=\"high\" decoding=\"async\" width=\"1440\" height=\"1081\" src=\"https:\/\/elargarmusical.com\/wp-content\/uploads\/2025\/06\/PABLO-GALVEZ-2.jpg\" class=\"attachment-full size-full wp-image-5981\" alt=\"\" srcset=\"https:\/\/elargarmusical.com\/wp-content\/uploads\/2025\/06\/PABLO-GALVEZ-2.jpg 1440w, https:\/\/elargarmusical.com\/wp-content\/uploads\/2025\/06\/PABLO-GALVEZ-2-300x225.jpg 300w, https:\/\/elargarmusical.com\/wp-content\/uploads\/2025\/06\/PABLO-GALVEZ-2-1024x769.jpg 1024w, https:\/\/elargarmusical.com\/wp-content\/uploads\/2025\/06\/PABLO-GALVEZ-2-768x577.jpg 768w, https:\/\/elargarmusical.com\/wp-content\/uploads\/2025\/06\/PABLO-GALVEZ-2-600x450.jpg 600w\" sizes=\"(max-width: 1440px) 100vw, 1440px\" \/>\t\t\t\t\t\t\t\t\t\t\t\t\t<\/div>\n\t\t\t\t<\/div>\n\t\t\t\t\t<\/div>\n\t\t<\/div>\n\t\t\t\t\t<\/div>\n\t\t<\/section>\n\t\t\t\t<section class=\"elementor-section elementor-top-section elementor-element elementor-element-5611d37 elementor-section-boxed elementor-section-height-default elementor-section-height-default\" data-id=\"5611d37\" data-element_type=\"section\">\n\t\t\t\t\t\t<div class=\"elementor-container elementor-column-gap-default\">\n\t\t\t\t\t<div class=\"elementor-column elementor-col-100 elementor-top-column elementor-element elementor-element-c237b5c\" data-id=\"c237b5c\" data-element_type=\"column\">\n\t\t\t<div class=\"elementor-widget-wrap elementor-element-populated\">\n\t\t\t\t\t\t<div class=\"elementor-element elementor-element-efa0a55 elementor-widget elementor-widget-image\" data-id=\"efa0a55\" data-element_type=\"widget\" data-settings=\"{&quot;ekit_we_effect_on&quot;:&quot;none&quot;}\" data-widget_type=\"image.default\">\n\t\t\t\t<div class=\"elementor-widget-container\">\n\t\t\t\t\t\t\t\t\t\t\t\t\t<img decoding=\"async\" width=\"777\" height=\"746\" src=\"https:\/\/elargarmusical.com\/wp-content\/uploads\/2025\/06\/pablo-galvez.png\" class=\"attachment-full size-full wp-image-5884\" alt=\"\" srcset=\"https:\/\/elargarmusical.com\/wp-content\/uploads\/2025\/06\/pablo-galvez.png 777w, https:\/\/elargarmusical.com\/wp-content\/uploads\/2025\/06\/pablo-galvez-300x288.png 300w, https:\/\/elargarmusical.com\/wp-content\/uploads\/2025\/06\/pablo-galvez-768x737.png 768w, https:\/\/elargarmusical.com\/wp-content\/uploads\/2025\/06\/pablo-galvez-600x576.png 600w\" sizes=\"(max-width: 777px) 100vw, 777px\" \/>\t\t\t\t\t\t\t\t\t\t\t\t\t<\/div>\n\t\t\t\t<\/div>\n\t\t\t\t<div class=\"elementor-element elementor-element-932267f elementor-widget__width-initial elementor-widget elementor-widget-text-editor\" data-id=\"932267f\" data-element_type=\"widget\" data-settings=\"{&quot;ekit_we_effect_on&quot;:&quot;none&quot;}\" data-widget_type=\"text-editor.default\">\n\t\t\t\t<div class=\"elementor-widget-container\">\n\t\t\t\t\t\t\t<h1>Pablo G\u00e1lvez&nbsp;<\/h1>\n<h3><span style=\"color: #000000;\">Bar\u00edtono<\/span><\/h3>\n<p><font color=\"#000000\">Nace en Guadix (Granada), se licencia en Farmacia por la Universidad de&nbsp;<\/font><span style=\"color: rgb(0, 0, 0);\">Granada y cursa el M\u00e1ster en Interpretaci\u00f3n L\u00edrica y Esc\u00e9nica por la Universidad&nbsp;<\/span><span style=\"color: rgb(0, 0, 0);\">de Ja\u00e9n. Da sus primeros pasos musicales en Juventudes Musicales de Guadix&nbsp;<\/span><span style=\"color: rgb(0, 0, 0);\">y Juventudes Musicales de Granada, en la \u2018Camerata Coral Sine Nomine\u2019 y en&nbsp;<\/span><span style=\"color: rgb(0, 0, 0);\">la \u2018Escolan\u00eda Ni\u00f1os Cantores de la Catedral de Guadix\u2019.<\/span><\/p><p><span style=\"color: rgb(0, 0, 0);\">Estudia con los maestros Coral Morales y Giulio Zappa, y ha trabajado tambi\u00e9n&nbsp;<\/span><span style=\"color: rgb(0, 0, 0);\">con profesores como Renato Bruson, Teresa Berganza, Carlos Chausson,&nbsp;<\/span><span style=\"color: rgb(0, 0, 0);\">Ernesto Palacio y Ana Luisa Chova; con los pianistas Rub\u00e9n Fern\u00e1ndez Aguirre,&nbsp;<\/span><span style=\"color: rgb(0, 0, 0);\">Michele D\u2019Elia, Simone Sabina y Andr\u00e9s Juncos; los directores Daniel Oren,&nbsp;<\/span><span style=\"color: rgb(0, 0, 0);\">Francesco Ivan Ciampa, Daniele Callegari, Miquel Ortega, Corrado Rovaris,&nbsp;<\/span><span style=\"color: rgb(0, 0, 0);\">Gianluca Capuano, \u00d3liver D\u00edaz, y Yi-Chen Lin; y con directores de escena como&nbsp;<\/span><span style=\"color: rgb(0, 0, 0);\">Hugo de Ana, Silvia Paoli, Francesco Micheli, Rosetta Cucchi, Pier Franceco&nbsp;<\/span><span style=\"color: rgb(0, 0, 0);\">Maestrini, Curro Carreres y Susana G\u00f3mez.<\/span><\/p><p><span style=\"color: rgb(0, 0, 0);\">En 2009 es galardonado con el primer premio del Concurso Permanente de&nbsp;<\/span><span style=\"color: rgb(0, 0, 0);\">J\u00f3venes Int\u00e9rpretes de JJMM de Espa\u00f1a, quedando el segundo premio desierto,&nbsp;<\/span><span style=\"color: rgb(0, 0, 0);\">consistiendo dicho galard\u00f3n en una gira por Baleares, Andaluc\u00eda y Catalu\u00f1a. En&nbsp;<\/span><span style=\"color: rgb(0, 0, 0);\">2016 se alza como \u201cvincitore\u201d con el rol de Guglielmo en el Concurso As.Li.Co.&nbsp;<\/span><span style=\"color: rgb(0, 0, 0);\">en Como (Italia). En abril de 2017 gana el tercer premio del Concurso<\/span><span style=\"color: rgb(0, 0, 0);\">Internacional de Canto Ciudad de Logro\u00f1o.<\/span><\/p><p><span style=\"color: rgb(0, 0, 0);\">En el repertorio sinf\u00f3nico ha interpretado Fantas\u00eda Coral (Beethoven) y en el&nbsp;<\/span><span style=\"color: rgb(0, 0, 0);\">repertorio sacro Petite Messe Solennelle (Rossini), Requiem por un vivo&nbsp;<\/span><span style=\"color: rgb(0, 0, 0);\">(Serrano), Die Sch\u00f6pfung (J. Haydn), Requiem (Faur\u00e9), Requiem y Misa de la&nbsp;<\/span><span style=\"color: rgb(0, 0, 0);\">Coronaci\u00f3n (Mozart), Mes\u00edas (Handel) y Messa di Requiem (G. Donizetti).&nbsp;<\/span><\/p><p><span style=\"color: rgb(0, 0, 0);\">En el repertorio oper\u00edstico ha interpretado el Maestro en Ainadamar (O. Golijov),&nbsp;<\/span><span style=\"color: rgb(0, 0, 0);\">Morales de Carmen (G. Bizet), Masetto de Don Giovanni (W. A. Mozart), Belcore&nbsp;<\/span><span style=\"color: rgb(0, 0, 0);\">de L\u2019elisir d\u2019amore (G. Donizetti) en el Teatro Sociale di Como, Il Conte de Le&nbsp;<\/span><span style=\"color: rgb(0, 0, 0);\">nozze di Figaro (W. A. Mozart) en el Opera Studio 2015 de Tenerife y en el Teatro&nbsp;<\/span><span style=\"color: rgb(0, 0, 0);\">Comunale di Bologna en mayo de 2016, Guglielmo de Cos\u00ec fan tutte (W. A.&nbsp;<\/span><span style=\"color: rgb(0, 0, 0);\">Mozart) en el circuito lombardo As.Li.Co. (Como, Pavia, Brescia y Cremona), Le&nbsp;<\/span><span style=\"color: rgb(0, 0, 0);\">Comte de Toulouse de J\u00e9rusalem (G. Verdi) siendo este su debut en el Festival&nbsp;<\/span><span style=\"color: rgb(0, 0, 0);\">Verdi del Teatro Regio di Parma en octubre de 2017 y tambi\u00e9n en el Tchaikovsky&nbsp;<\/span><span style=\"color: rgb(0, 0, 0);\">Concert Hall en versi\u00f3n concierto junto al director Daniel Oren en noviembre de&nbsp;<\/span><span style=\"color: rgb(0, 0, 0);\">2018, Valentin de Faust (C. Gounod) y Giorgio Germont de La Traviata (G. Verdi)&nbsp;<\/span><span style=\"color: rgb(0, 0, 0);\">en \u00d3pera de Tenerife, Prosdocimo de Il turco in Italia (G. Rossini) en \u00d3pera de&nbsp;<\/span><span style=\"color: rgb(0, 0, 0);\">Oviedo, Don Bartolo de Il barbiere di Siviglia (G. Rossini) en el Teatro Massimo&nbsp;<\/span><span style=\"color: rgb(0, 0, 0);\">di Catania, Dottor Malatesta de Don Pasquale (G. Donizetti) en el Teatro Regio&nbsp;<\/span><span style=\"color: rgb(0, 0, 0);\">di Parma, Don Quijote de El retablo de Maese Pedro (M. Falla) con la Orquesta&nbsp;<\/span><span style=\"color: rgb(0, 0, 0);\">de RTVE, Goyanes de Mar\u00eda Moliner (A. Parera) en \u00d3pera de Tenerife y&nbsp;<\/span><span style=\"color: rgb(0, 0, 0);\">Carrasquilla de Don Gil de Alcal\u00e1 (M. Penella) en la Temporada de Zarzuela de<\/span><span style=\"color: rgb(0, 0, 0);\">Oviedo y en el Palacio de Festivales de Santander.<\/span><\/p><p><span style=\"color: rgb(0, 0, 0);\">Cabe destacar su participaci\u00f3n en la Accademia Rossiniana Alberto Zedda 2018&nbsp;<\/span><span style=\"color: rgb(0, 0, 0);\">y su debut en Il viaggio a Reims con los roles de Don Alvaro y Don Prudenzio.<\/span><\/p><p><font color=\"#000000\">Adem\u00e1s participa en el Rossini Opera Festival en las producciones de La&nbsp;<\/font><span style=\"color: rgb(0, 0, 0);\">cambiale di matrimonio en el rol de Norton (2020) y de La Gazzetta en el rol de&nbsp;<\/span><span style=\"color: rgb(0, 0, 0);\">Mons\u00f9 Traversen (2022).<\/span><\/p><p><span style=\"color: rgb(0, 0, 0);\">En el repertorio de zarzuela ha interpretado Leonello de La Canci\u00f3n del Olvido&nbsp;<\/span><span style=\"color: rgb(0, 0, 0);\">(J. Serrano) en versi\u00f3n concierto en el Teatro de la Zarzuela de Madrid, Lorenzo&nbsp;<\/span><span style=\"color: rgb(0, 0, 0);\">P\u00e9rez de Do\u00f1a Francisquita (A. Vives), Pedro Romero de Pan y Toros (F. Asenjo&nbsp;<\/span><span style=\"color: rgb(0, 0, 0);\">Barbieri) en el Teatro de la Zarzuela y en la Temporada de Zarzuela de Oviedo y&nbsp;<\/span><span style=\"color: rgb(0, 0, 0);\">Vidal Hernando de Luisa Fernanda (F. Moreno Torroba) en \u00d3pera de Tenerife y&nbsp;<\/span><span style=\"color: rgb(0, 0, 0);\">en la Temporada L\u00edrica de Granada.<\/span><\/p>\n<p><\/p>\t\t\t\t\t\t<\/div>\n\t\t\t\t<\/div>\n\t\t\t\t\t<\/div>\n\t\t<\/div>\n\t\t\t\t\t<\/div>\n\t\t<\/section>\n\t\t\t\t<\/div>\n\t\t","protected":false},"excerpt":{"rendered":"<p>Pablo G\u00e1lvez&nbsp; Bar\u00edtono Nace en Guadix (Granada), se licencia en Farmacia por la Universidad de&nbsp;Granada y cursa el M\u00e1ster en Interpretaci\u00f3n L\u00edrica y Esc\u00e9nica por la Universidad&nbsp;de Ja\u00e9n. Da sus primeros pasos musicales en Juventudes Musicales de Guadix&nbsp;y Juventudes Musicales de Granada, en la \u2018Camerata Coral Sine Nomine\u2019 y en&nbsp;la \u2018Escolan\u00eda Ni\u00f1os Cantores de la [&hellip;]<\/p>\n","protected":false},"author":1,"featured_media":0,"parent":0,"menu_order":0,"comment_status":"closed","ping_status":"closed","template":"","meta":{"footnotes":""},"class_list":["post-5961","page","type-page","status-publish","hentry"],"_links":{"self":[{"href":"https:\/\/elargarmusical.com\/index.php?rest_route=\/wp\/v2\/pages\/5961","targetHints":{"allow":["GET"]}}],"collection":[{"href":"https:\/\/elargarmusical.com\/index.php?rest_route=\/wp\/v2\/pages"}],"about":[{"href":"https:\/\/elargarmusical.com\/index.php?rest_route=\/wp\/v2\/types\/page"}],"author":[{"embeddable":true,"href":"https:\/\/elargarmusical.com\/index.php?rest_route=\/wp\/v2\/users\/1"}],"replies":[{"embeddable":true,"href":"https:\/\/elargarmusical.com\/index.php?rest_route=%2Fwp%2Fv2%2Fcomments&post=5961"}],"version-history":[{"count":29,"href":"https:\/\/elargarmusical.com\/index.php?rest_route=\/wp\/v2\/pages\/5961\/revisions"}],"predecessor-version":[{"id":6038,"href":"https:\/\/elargarmusical.com\/index.php?rest_route=\/wp\/v2\/pages\/5961\/revisions\/6038"}],"wp:attachment":[{"href":"https:\/\/elargarmusical.com\/index.php?rest_route=%2Fwp%2Fv2%2Fmedia&parent=5961"}],"curies":[{"name":"wp","href":"https:\/\/api.w.org\/{rel}","templated":true}]}}

Pablo Gálvez Barítono

<div data-elementor-type="wp-page" data-elementor-id="5961" class="elementor elementor-5961" data-elementor-post-type="page">
						<section class="elementor-section elementor-top-section elementor-element elementor-element-c147c0d elementor-section-full_width elementor-section-stretched elementor-section-height-default elementor-section-height-default" data-id="c147c0d" data-element_type="section" data-settings="{&quot;stretch_section&quot;:&quot;section-stretched&quot;}">
						<div class="elementor-container elementor-column-gap-wider">
					<div class="elementor-column elementor-col-100 elementor-top-column elementor-element elementor-element-c5cc67f" data-id="c5cc67f" data-element_type="column">
			<div class="elementor-widget-wrap elementor-element-populated">
						<div class="elementor-element elementor-element-c495e78 elementor-hidden-mobile elementor-widget elementor-widget-image" data-id="c495e78" data-element_type="widget" data-settings="{&quot;ekit_we_effect_on&quot;:&quot;none&quot;}" data-widget_type="image.default">
				<div class="elementor-widget-container">
													<img fetchpriority="high" decoding="async" width="1440" height="1081" src="https://elargarmusical.com/wp-content/uploads/2025/06/PABLO-GALVEZ-2.jpg" class="attachment-full size-full wp-image-5981" alt="" srcset="https://elargarmusical.com/wp-content/uploads/2025/06/PABLO-GALVEZ-2.jpg 1440w, https://elargarmusical.com/wp-content/uploads/2025/06/PABLO-GALVEZ-2-300x225.jpg 300w, https://elargarmusical.com/wp-content/uploads/2025/06/PABLO-GALVEZ-2-1024x769.jpg 1024w, https://elargarmusical.com/wp-content/uploads/2025/06/PABLO-GALVEZ-2-768x577.jpg 768w, https://elargarmusical.com/wp-content/uploads/2025/06/PABLO-GALVEZ-2-600x450.jpg 600w" sizes="(max-width: 1440px) 100vw, 1440px" />													</div>
				</div>
					</div>
		</div>
					</div>
		</section>
				<section class="elementor-section elementor-top-section elementor-element elementor-element-5611d37 elementor-section-boxed elementor-section-height-default elementor-section-height-default" data-id="5611d37" data-element_type="section">
						<div class="elementor-container elementor-column-gap-default">
					<div class="elementor-column elementor-col-100 elementor-top-column elementor-element elementor-element-c237b5c" data-id="c237b5c" data-element_type="column">
			<div class="elementor-widget-wrap elementor-element-populated">
						<div class="elementor-element elementor-element-efa0a55 elementor-widget elementor-widget-image" data-id="efa0a55" data-element_type="widget" data-settings="{&quot;ekit_we_effect_on&quot;:&quot;none&quot;}" data-widget_type="image.default">
				<div class="elementor-widget-container">
													<img decoding="async" width="777" height="746" src="https://elargarmusical.com/wp-content/uploads/2025/06/pablo-galvez.png" class="attachment-full size-full wp-image-5884" alt="" srcset="https://elargarmusical.com/wp-content/uploads/2025/06/pablo-galvez.png 777w, https://elargarmusical.com/wp-content/uploads/2025/06/pablo-galvez-300x288.png 300w, https://elargarmusical.com/wp-content/uploads/2025/06/pablo-galvez-768x737.png 768w, https://elargarmusical.com/wp-content/uploads/2025/06/pablo-galvez-600x576.png 600w" sizes="(max-width: 777px) 100vw, 777px" />													</div>
				</div>
				<div class="elementor-element elementor-element-932267f elementor-widget__width-initial elementor-widget elementor-widget-text-editor" data-id="932267f" data-element_type="widget" data-settings="{&quot;ekit_we_effect_on&quot;:&quot;none&quot;}" data-widget_type="text-editor.default">
				<div class="elementor-widget-container">
							<h1>Pablo Gálvez&nbsp;</h1>
<h3><span style="color: #000000;">Barítono</span></h3>
<p><font color="#000000">Nace en Guadix (Granada), se licencia en Farmacia por la Universidad de&nbsp;</font><span style="color: rgb(0, 0, 0);">Granada y cursa el Máster en Interpretación Lírica y Escénica por la Universidad&nbsp;</span><span style="color: rgb(0, 0, 0);">de Jaén. Da sus primeros pasos musicales en Juventudes Musicales de Guadix&nbsp;</span><span style="color: rgb(0, 0, 0);">y Juventudes Musicales de Granada, en la ‘Camerata Coral Sine Nomine’ y en&nbsp;</span><span style="color: rgb(0, 0, 0);">la ‘Escolanía Niños Cantores de la Catedral de Guadix’.</span></p><p><span style="color: rgb(0, 0, 0);">Estudia con los maestros Coral Morales y Giulio Zappa, y ha trabajado también&nbsp;</span><span style="color: rgb(0, 0, 0);">con profesores como Renato Bruson, Teresa Berganza, Carlos Chausson,&nbsp;</span><span style="color: rgb(0, 0, 0);">Ernesto Palacio y Ana Luisa Chova; con los pianistas Rubén Fernández Aguirre,&nbsp;</span><span style="color: rgb(0, 0, 0);">Michele D’Elia, Simone Sabina y Andrés Juncos; los directores Daniel Oren,&nbsp;</span><span style="color: rgb(0, 0, 0);">Francesco Ivan Ciampa, Daniele Callegari, Miquel Ortega, Corrado Rovaris,&nbsp;</span><span style="color: rgb(0, 0, 0);">Gianluca Capuano, Óliver Díaz, y Yi-Chen Lin; y con directores de escena como&nbsp;</span><span style="color: rgb(0, 0, 0);">Hugo de Ana, Silvia Paoli, Francesco Micheli, Rosetta Cucchi, Pier Franceco&nbsp;</span><span style="color: rgb(0, 0, 0);">Maestrini, Curro Carreres y Susana Gómez.</span></p><p><span style="color: rgb(0, 0, 0);">En 2009 es galardonado con el primer premio del Concurso Permanente de&nbsp;</span><span style="color: rgb(0, 0, 0);">Jóvenes Intérpretes de JJMM de España, quedando el segundo premio desierto,&nbsp;</span><span style="color: rgb(0, 0, 0);">consistiendo dicho galardón en una gira por Baleares, Andalucía y Cataluña. En&nbsp;</span><span style="color: rgb(0, 0, 0);">2016 se alza como “vincitore” con el rol de Guglielmo en el Concurso As.Li.Co.&nbsp;</span><span style="color: rgb(0, 0, 0);">en Como (Italia). En abril de 2017 gana el tercer premio del Concurso</span><span style="color: rgb(0, 0, 0);">Internacional de Canto Ciudad de Logroño.</span></p><p><span style="color: rgb(0, 0, 0);">En el repertorio sinfónico ha interpretado Fantasía Coral (Beethoven) y en el&nbsp;</span><span style="color: rgb(0, 0, 0);">repertorio sacro Petite Messe Solennelle (Rossini), Requiem por un vivo&nbsp;</span><span style="color: rgb(0, 0, 0);">(Serrano), Die Schöpfung (J. Haydn), Requiem (Fauré), Requiem y Misa de la&nbsp;</span><span style="color: rgb(0, 0, 0);">Coronación (Mozart), Mesías (Handel) y Messa di Requiem (G. Donizetti).&nbsp;</span></p><p><span style="color: rgb(0, 0, 0);">En el repertorio operístico ha interpretado el Maestro en Ainadamar (O. Golijov),&nbsp;</span><span style="color: rgb(0, 0, 0);">Morales de Carmen (G. Bizet), Masetto de Don Giovanni (W. A. Mozart), Belcore&nbsp;</span><span style="color: rgb(0, 0, 0);">de L’elisir d’amore (G. Donizetti) en el Teatro Sociale di Como, Il Conte de Le&nbsp;</span><span style="color: rgb(0, 0, 0);">nozze di Figaro (W. A. Mozart) en el Opera Studio 2015 de Tenerife y en el Teatro&nbsp;</span><span style="color: rgb(0, 0, 0);">Comunale di Bologna en mayo de 2016, Guglielmo de Così fan tutte (W. A.&nbsp;</span><span style="color: rgb(0, 0, 0);">Mozart) en el circuito lombardo As.Li.Co. (Como, Pavia, Brescia y Cremona), Le&nbsp;</span><span style="color: rgb(0, 0, 0);">Comte de Toulouse de Jérusalem (G. Verdi) siendo este su debut en el Festival&nbsp;</span><span style="color: rgb(0, 0, 0);">Verdi del Teatro Regio di Parma en octubre de 2017 y también en el Tchaikovsky&nbsp;</span><span style="color: rgb(0, 0, 0);">Concert Hall en versión concierto junto al director Daniel Oren en noviembre de&nbsp;</span><span style="color: rgb(0, 0, 0);">2018, Valentin de Faust (C. Gounod) y Giorgio Germont de La Traviata (G. Verdi)&nbsp;</span><span style="color: rgb(0, 0, 0);">en Ópera de Tenerife, Prosdocimo de Il turco in Italia (G. Rossini) en Ópera de&nbsp;</span><span style="color: rgb(0, 0, 0);">Oviedo, Don Bartolo de Il barbiere di Siviglia (G. Rossini) en el Teatro Massimo&nbsp;</span><span style="color: rgb(0, 0, 0);">di Catania, Dottor Malatesta de Don Pasquale (G. Donizetti) en el Teatro Regio&nbsp;</span><span style="color: rgb(0, 0, 0);">di Parma, Don Quijote de El retablo de Maese Pedro (M. Falla) con la Orquesta&nbsp;</span><span style="color: rgb(0, 0, 0);">de RTVE, Goyanes de María Moliner (A. Parera) en Ópera de Tenerife y&nbsp;</span><span style="color: rgb(0, 0, 0);">Carrasquilla de Don Gil de Alcalá (M. Penella) en la Temporada de Zarzuela de</span><span style="color: rgb(0, 0, 0);">Oviedo y en el Palacio de Festivales de Santander.</span></p><p><span style="color: rgb(0, 0, 0);">Cabe destacar su participación en la Accademia Rossiniana Alberto Zedda 2018&nbsp;</span><span style="color: rgb(0, 0, 0);">y su debut en Il viaggio a Reims con los roles de Don Alvaro y Don Prudenzio.</span></p><p><font color="#000000">Además participa en el Rossini Opera Festival en las producciones de La&nbsp;</font><span style="color: rgb(0, 0, 0);">cambiale di matrimonio en el rol de Norton (2020) y de La Gazzetta en el rol de&nbsp;</span><span style="color: rgb(0, 0, 0);">Monsù Traversen (2022).</span></p><p><span style="color: rgb(0, 0, 0);">En el repertorio de zarzuela ha interpretado Leonello de La Canción del Olvido&nbsp;</span><span style="color: rgb(0, 0, 0);">(J. Serrano) en versión concierto en el Teatro de la Zarzuela de Madrid, Lorenzo&nbsp;</span><span style="color: rgb(0, 0, 0);">Pérez de Doña Francisquita (A. Vives), Pedro Romero de Pan y Toros (F. Asenjo&nbsp;</span><span style="color: rgb(0, 0, 0);">Barbieri) en el Teatro de la Zarzuela y en la Temporada de Zarzuela de Oviedo y&nbsp;</span><span style="color: rgb(0, 0, 0);">Vidal Hernando de Luisa Fernanda (F. Moreno Torroba) en Ópera de Tenerife y&nbsp;</span><span style="color: rgb(0, 0, 0);">en la Temporada Lírica de Granada.</span></p>
<p></p>						</div>
				</div>
					</div>
		</div>
					</div>
		</section>
				</div>

<p>Pablo Gálvez&nbsp; Barítono Nace en Guadix (Granada), se licencia en Farmacia por la Universidad de&nbsp;Granada y cursa el Máster en Interpretación Lírica y Escénica por la Universidad&nbsp;de Jaén. Da sus primeros pasos musicales en Juventudes Musicales de Guadix&nbsp;y Juventudes Musicales de Granada, en la ‘Camerata Coral Sine Nomine’ y en&nbsp;la ‘Escolanía Niños Cantores de la [&hellip;]</p>
