{"id":6164,"date":"2025-06-09T07:03:51","date_gmt":"2025-06-09T07:03:51","guid":{"rendered":"https:\/\/elargarmusical.com\/?page_id=6164"},"modified":"2025-06-09T11:43:42","modified_gmt":"2025-06-09T11:43:42","slug":"enrique-monteoliva-baritono","status":"publish","type":"page","link":"https:\/\/elargarmusical.com\/?page_id=6164","title":{"rendered":"Enrique Monteoliva, bar\u00edtono"},"content":{"rendered":"\t\t<div data-elementor-type=\"wp-page\" data-elementor-id=\"6164\" class=\"elementor elementor-6164\" data-elementor-post-type=\"page\">\n\t\t\t\t\t\t<section class=\"elementor-section elementor-top-section elementor-element elementor-element-ac503c5 elementor-section-full_width elementor-section-stretched elementor-section-height-default elementor-section-height-default\" data-id=\"ac503c5\" data-element_type=\"section\" data-settings=\"{&quot;stretch_section&quot;:&quot;section-stretched&quot;}\">\n\t\t\t\t\t\t<div class=\"elementor-container elementor-column-gap-wider\">\n\t\t\t\t\t<div class=\"elementor-column elementor-col-100 elementor-top-column elementor-element elementor-element-0579280\" data-id=\"0579280\" data-element_type=\"column\">\n\t\t\t<div class=\"elementor-widget-wrap elementor-element-populated\">\n\t\t\t\t\t\t<div class=\"elementor-element elementor-element-e79f8a9 elementor-hidden-mobile elementor-widget elementor-widget-image\" data-id=\"e79f8a9\" data-element_type=\"widget\" data-settings=\"{&quot;ekit_we_effect_on&quot;:&quot;none&quot;}\" data-widget_type=\"image.default\">\n\t\t\t\t<div class=\"elementor-widget-container\">\n\t\t\t\t\t\t\t\t\t\t\t\t\t<img fetchpriority=\"high\" decoding=\"async\" width=\"1600\" height=\"1067\" src=\"https:\/\/elargarmusical.com\/wp-content\/uploads\/2025\/06\/FOTO-ENRIQUE-MONTEOLIVA.jpg\" class=\"attachment-full size-full wp-image-6166\" alt=\"\" srcset=\"https:\/\/elargarmusical.com\/wp-content\/uploads\/2025\/06\/FOTO-ENRIQUE-MONTEOLIVA.jpg 1600w, https:\/\/elargarmusical.com\/wp-content\/uploads\/2025\/06\/FOTO-ENRIQUE-MONTEOLIVA-300x200.jpg 300w, https:\/\/elargarmusical.com\/wp-content\/uploads\/2025\/06\/FOTO-ENRIQUE-MONTEOLIVA-1024x683.jpg 1024w, https:\/\/elargarmusical.com\/wp-content\/uploads\/2025\/06\/FOTO-ENRIQUE-MONTEOLIVA-768x512.jpg 768w, https:\/\/elargarmusical.com\/wp-content\/uploads\/2025\/06\/FOTO-ENRIQUE-MONTEOLIVA-1536x1024.jpg 1536w, https:\/\/elargarmusical.com\/wp-content\/uploads\/2025\/06\/FOTO-ENRIQUE-MONTEOLIVA-600x400.jpg 600w\" sizes=\"(max-width: 1600px) 100vw, 1600px\" \/>\t\t\t\t\t\t\t\t\t\t\t\t\t<\/div>\n\t\t\t\t<\/div>\n\t\t\t\t\t<\/div>\n\t\t<\/div>\n\t\t\t\t\t<\/div>\n\t\t<\/section>\n\t\t\t\t<section class=\"elementor-section elementor-top-section elementor-element elementor-element-5611d37 elementor-section-boxed elementor-section-height-default elementor-section-height-default\" data-id=\"5611d37\" data-element_type=\"section\">\n\t\t\t\t\t\t<div class=\"elementor-container elementor-column-gap-default\">\n\t\t\t\t\t<div class=\"elementor-column elementor-col-100 elementor-top-column elementor-element elementor-element-c237b5c\" data-id=\"c237b5c\" data-element_type=\"column\">\n\t\t\t<div class=\"elementor-widget-wrap elementor-element-populated\">\n\t\t\t\t\t\t<div class=\"elementor-element elementor-element-efa0a55 elementor-widget elementor-widget-image\" data-id=\"efa0a55\" data-element_type=\"widget\" data-settings=\"{&quot;ekit_we_effect_on&quot;:&quot;none&quot;}\" data-widget_type=\"image.default\">\n\t\t\t\t<div class=\"elementor-widget-container\">\n\t\t\t\t\t\t\t\t\t\t\t\t\t<img decoding=\"async\" width=\"1003\" height=\"886\" src=\"https:\/\/elargarmusical.com\/wp-content\/uploads\/2025\/06\/ENRIQUE-MONTEOLIVA-3.jpg\" class=\"attachment-full size-full wp-image-6146\" alt=\"\" srcset=\"https:\/\/elargarmusical.com\/wp-content\/uploads\/2025\/06\/ENRIQUE-MONTEOLIVA-3.jpg 1003w, https:\/\/elargarmusical.com\/wp-content\/uploads\/2025\/06\/ENRIQUE-MONTEOLIVA-3-300x265.jpg 300w, https:\/\/elargarmusical.com\/wp-content\/uploads\/2025\/06\/ENRIQUE-MONTEOLIVA-3-768x678.jpg 768w, https:\/\/elargarmusical.com\/wp-content\/uploads\/2025\/06\/ENRIQUE-MONTEOLIVA-3-600x530.jpg 600w\" sizes=\"(max-width: 1003px) 100vw, 1003px\" \/>\t\t\t\t\t\t\t\t\t\t\t\t\t<\/div>\n\t\t\t\t<\/div>\n\t\t\t\t<div class=\"elementor-element elementor-element-932267f elementor-widget__width-initial elementor-widget elementor-widget-text-editor\" data-id=\"932267f\" data-element_type=\"widget\" data-settings=\"{&quot;ekit_we_effect_on&quot;:&quot;none&quot;}\" data-widget_type=\"text-editor.default\">\n\t\t\t\t<div class=\"elementor-widget-container\">\n\t\t\t\t\t\t\t<h1><span style=\"color: #000000;\">Enrique Monteoliva<br><\/span><\/h1>\n<h3><span style=\"color: #000000;\">Bar\u00edtono<\/span><\/h3>\n<p><span style=\"color: #000000;\">Nacido en Almer\u00eda, comenz\u00f3 sus estudios en el Real Conservatorio Profesional de&nbsp;<\/span><span style=\"color: #000000;\">M\u00fasica de Almer\u00eda, donde obtuvo el grado profesional de Piano en 2014 y el de Canto en&nbsp;<\/span><span style=\"color: #000000;\">2018.&nbsp;<\/span><\/p>\n<p><span style=\"color: #000000;\">En 2022 termin\u00f3 el Grado Superior de Canto Cl\u00e1sico en la Escola Superior de M\u00fasica&nbsp;<\/span><span style=\"color: #000000;\">de Catalunya (ESMUC, Barcelona) con la soprano Enedina Lloris. Asimismo, en esta&nbsp;<\/span><span style=\"color: #000000;\">instituci\u00f3n obtuvo en 2024 el M\u00e1ster de Lied (becado por la Fundaci\u00f3n Victoria de los<\/span><br><span style=\"color: #000000;\">\u00c1ngeles) con los profesores Assumpta Mateu y Francisco Poyato. Ha recibido masterclasses&nbsp;<\/span><span style=\"color: #000000;\">con St\u00e9phane Degout, Carlos Chausson, Mattia Olivieri, Federica von Stade, Felicity Lott,&nbsp;<\/span><span style=\"color: #000000;\">Wolfram Rieger, Roger Vignoles, Rub\u00e9n Fern\u00e1ndez Aguirre y Ant\u00f3n Garc\u00eda Abril.<\/span><\/p>\n<p><span style=\"color: #000000;\">Adem\u00e1s, recibe el Premio al mejor int\u00e9rprete de lied otorgado por la Fundaci\u00f3n&nbsp;<\/span><span style=\"color: #000000;\">Victoria de los \u00c1ngeles en el X Concurs de Cant Germans Pla, Ciutat de Balaguer (2021) y&nbsp;<\/span><span style=\"color: #000000;\">es finalista del VI Concurs de Cant Josep Palet (2023). En 2023 es New Artist del Primavera&nbsp;<\/span><span style=\"color: #000000;\">LIFE Victoria Festival y realiza, con el pianista I\u00f1aki Guezala, una gira con Joventuts&nbsp;<\/span><span style=\"color: #000000;\">Musicals de Catalunya interpretando el Winterreise (Schubert).<\/span><\/p>\n<p><span style=\"color: #000000;\">Ha trabajado con directores musicales como Marzio Conti, Ernest Mart\u00ednez-&nbsp;<\/span><span style=\"color: #000000;\">Izquierdo y Daniel Espasa, as\u00ed como con directores de escena como Sergi Belbel y S\u00edlvia Bel.<\/span><span style=\"color: #000000;\"><br><\/span><\/p>\n<p><span style=\"color: #000000;\">En 2022 fue cover de La cuina de Rossini, una producci\u00f3n del Petit Liceu dirigida por David&nbsp;<\/span><span style=\"color: #000000;\">Selvas y Andreu Gall\u00e9n.&nbsp;<\/span><\/p>\n<p><span style=\"color: #000000;\">Ha intepretado roles como Dulcamara de L\u2019elisir d\u2019amore (Donizetti),<\/span><\/p>\n<p><span style=\"color: #000000;\">Nardo de Il filosofo di campagna (Galuppi), Rusignuolo de I due gobi (Marcos Portugal) y Le&nbsp;<\/span><span style=\"color: #000000;\">baron de Pictordu de Cendrillon (Viardot).&nbsp;<\/span><\/p>\n<p><span style=\"color: #000000;\">En 2025 debuta en el Teatro de la Maestranza&nbsp;<\/span><span style=\"color: #000000;\">(Sevilla) interpretando el rol de Parpagnacco de I tre gobi (Manuel Garc\u00eda), en una producci\u00f3n&nbsp;<\/span><span style=\"color: #000000;\">dirigida por Rub\u00e9n Fern\u00e1ndez Aguirre y Jos\u00e9 Luis Arellano.<\/span><\/p>\t\t\t\t\t\t<\/div>\n\t\t\t\t<\/div>\n\t\t\t\t\t<\/div>\n\t\t<\/div>\n\t\t\t\t\t<\/div>\n\t\t<\/section>\n\t\t\t\t<\/div>\n\t\t","protected":false},"excerpt":{"rendered":"<p>Enrique Monteoliva Bar\u00edtono Nacido en Almer\u00eda, comenz\u00f3 sus estudios en el Real Conservatorio Profesional de&nbsp;M\u00fasica de Almer\u00eda, donde obtuvo el grado profesional de Piano en 2014 y el de Canto en&nbsp;2018.&nbsp; En 2022 termin\u00f3 el Grado Superior de Canto Cl\u00e1sico en la Escola Superior de M\u00fasica&nbsp;de Catalunya (ESMUC, Barcelona) con la soprano Enedina Lloris. Asimismo, [&hellip;]<\/p>\n","protected":false},"author":1,"featured_media":0,"parent":0,"menu_order":0,"comment_status":"closed","ping_status":"closed","template":"","meta":{"footnotes":""},"class_list":["post-6164","page","type-page","status-publish","hentry"],"_links":{"self":[{"href":"https:\/\/elargarmusical.com\/index.php?rest_route=\/wp\/v2\/pages\/6164","targetHints":{"allow":["GET"]}}],"collection":[{"href":"https:\/\/elargarmusical.com\/index.php?rest_route=\/wp\/v2\/pages"}],"about":[{"href":"https:\/\/elargarmusical.com\/index.php?rest_route=\/wp\/v2\/types\/page"}],"author":[{"embeddable":true,"href":"https:\/\/elargarmusical.com\/index.php?rest_route=\/wp\/v2\/users\/1"}],"replies":[{"embeddable":true,"href":"https:\/\/elargarmusical.com\/index.php?rest_route=%2Fwp%2Fv2%2Fcomments&post=6164"}],"version-history":[{"count":10,"href":"https:\/\/elargarmusical.com\/index.php?rest_route=\/wp\/v2\/pages\/6164\/revisions"}],"predecessor-version":[{"id":6233,"href":"https:\/\/elargarmusical.com\/index.php?rest_route=\/wp\/v2\/pages\/6164\/revisions\/6233"}],"wp:attachment":[{"href":"https:\/\/elargarmusical.com\/index.php?rest_route=%2Fwp%2Fv2%2Fmedia&parent=6164"}],"curies":[{"name":"wp","href":"https:\/\/api.w.org\/{rel}","templated":true}]}}

Enrique Monteoliva, barítono

<div data-elementor-type="wp-page" data-elementor-id="6164" class="elementor elementor-6164" data-elementor-post-type="page">
						<section class="elementor-section elementor-top-section elementor-element elementor-element-ac503c5 elementor-section-full_width elementor-section-stretched elementor-section-height-default elementor-section-height-default" data-id="ac503c5" data-element_type="section" data-settings="{&quot;stretch_section&quot;:&quot;section-stretched&quot;}">
						<div class="elementor-container elementor-column-gap-wider">
					<div class="elementor-column elementor-col-100 elementor-top-column elementor-element elementor-element-0579280" data-id="0579280" data-element_type="column">
			<div class="elementor-widget-wrap elementor-element-populated">
						<div class="elementor-element elementor-element-e79f8a9 elementor-hidden-mobile elementor-widget elementor-widget-image" data-id="e79f8a9" data-element_type="widget" data-settings="{&quot;ekit_we_effect_on&quot;:&quot;none&quot;}" data-widget_type="image.default">
				<div class="elementor-widget-container">
													<img fetchpriority="high" decoding="async" width="1600" height="1067" src="https://elargarmusical.com/wp-content/uploads/2025/06/FOTO-ENRIQUE-MONTEOLIVA.jpg" class="attachment-full size-full wp-image-6166" alt="" srcset="https://elargarmusical.com/wp-content/uploads/2025/06/FOTO-ENRIQUE-MONTEOLIVA.jpg 1600w, https://elargarmusical.com/wp-content/uploads/2025/06/FOTO-ENRIQUE-MONTEOLIVA-300x200.jpg 300w, https://elargarmusical.com/wp-content/uploads/2025/06/FOTO-ENRIQUE-MONTEOLIVA-1024x683.jpg 1024w, https://elargarmusical.com/wp-content/uploads/2025/06/FOTO-ENRIQUE-MONTEOLIVA-768x512.jpg 768w, https://elargarmusical.com/wp-content/uploads/2025/06/FOTO-ENRIQUE-MONTEOLIVA-1536x1024.jpg 1536w, https://elargarmusical.com/wp-content/uploads/2025/06/FOTO-ENRIQUE-MONTEOLIVA-600x400.jpg 600w" sizes="(max-width: 1600px) 100vw, 1600px" />													</div>
				</div>
					</div>
		</div>
					</div>
		</section>
				<section class="elementor-section elementor-top-section elementor-element elementor-element-5611d37 elementor-section-boxed elementor-section-height-default elementor-section-height-default" data-id="5611d37" data-element_type="section">
						<div class="elementor-container elementor-column-gap-default">
					<div class="elementor-column elementor-col-100 elementor-top-column elementor-element elementor-element-c237b5c" data-id="c237b5c" data-element_type="column">
			<div class="elementor-widget-wrap elementor-element-populated">
						<div class="elementor-element elementor-element-efa0a55 elementor-widget elementor-widget-image" data-id="efa0a55" data-element_type="widget" data-settings="{&quot;ekit_we_effect_on&quot;:&quot;none&quot;}" data-widget_type="image.default">
				<div class="elementor-widget-container">
													<img decoding="async" width="1003" height="886" src="https://elargarmusical.com/wp-content/uploads/2025/06/ENRIQUE-MONTEOLIVA-3.jpg" class="attachment-full size-full wp-image-6146" alt="" srcset="https://elargarmusical.com/wp-content/uploads/2025/06/ENRIQUE-MONTEOLIVA-3.jpg 1003w, https://elargarmusical.com/wp-content/uploads/2025/06/ENRIQUE-MONTEOLIVA-3-300x265.jpg 300w, https://elargarmusical.com/wp-content/uploads/2025/06/ENRIQUE-MONTEOLIVA-3-768x678.jpg 768w, https://elargarmusical.com/wp-content/uploads/2025/06/ENRIQUE-MONTEOLIVA-3-600x530.jpg 600w" sizes="(max-width: 1003px) 100vw, 1003px" />													</div>
				</div>
				<div class="elementor-element elementor-element-932267f elementor-widget__width-initial elementor-widget elementor-widget-text-editor" data-id="932267f" data-element_type="widget" data-settings="{&quot;ekit_we_effect_on&quot;:&quot;none&quot;}" data-widget_type="text-editor.default">
				<div class="elementor-widget-container">
							<h1><span style="color: #000000;">Enrique Monteoliva<br></span></h1>
<h3><span style="color: #000000;">Barítono</span></h3>
<p><span style="color: #000000;">Nacido en Almería, comenzó sus estudios en el Real Conservatorio Profesional de&nbsp;</span><span style="color: #000000;">Música de Almería, donde obtuvo el grado profesional de Piano en 2014 y el de Canto en&nbsp;</span><span style="color: #000000;">2018.&nbsp;</span></p>
<p><span style="color: #000000;">En 2022 terminó el Grado Superior de Canto Clásico en la Escola Superior de Música&nbsp;</span><span style="color: #000000;">de Catalunya (ESMUC, Barcelona) con la soprano Enedina Lloris. Asimismo, en esta&nbsp;</span><span style="color: #000000;">institución obtuvo en 2024 el Máster de Lied (becado por la Fundación Victoria de los</span><br><span style="color: #000000;">Ángeles) con los profesores Assumpta Mateu y Francisco Poyato. Ha recibido masterclasses&nbsp;</span><span style="color: #000000;">con Stéphane Degout, Carlos Chausson, Mattia Olivieri, Federica von Stade, Felicity Lott,&nbsp;</span><span style="color: #000000;">Wolfram Rieger, Roger Vignoles, Rubén Fernández Aguirre y Antón García Abril.</span></p>
<p><span style="color: #000000;">Además, recibe el Premio al mejor intérprete de lied otorgado por la Fundación&nbsp;</span><span style="color: #000000;">Victoria de los Ángeles en el X Concurs de Cant Germans Pla, Ciutat de Balaguer (2021) y&nbsp;</span><span style="color: #000000;">es finalista del VI Concurs de Cant Josep Palet (2023). En 2023 es New Artist del Primavera&nbsp;</span><span style="color: #000000;">LIFE Victoria Festival y realiza, con el pianista Iñaki Guezala, una gira con Joventuts&nbsp;</span><span style="color: #000000;">Musicals de Catalunya interpretando el Winterreise (Schubert).</span></p>
<p><span style="color: #000000;">Ha trabajado con directores musicales como Marzio Conti, Ernest Martínez-&nbsp;</span><span style="color: #000000;">Izquierdo y Daniel Espasa, así como con directores de escena como Sergi Belbel y Sílvia Bel.</span><span style="color: #000000;"><br></span></p>
<p><span style="color: #000000;">En 2022 fue cover de La cuina de Rossini, una producción del Petit Liceu dirigida por David&nbsp;</span><span style="color: #000000;">Selvas y Andreu Gallén.&nbsp;</span></p>
<p><span style="color: #000000;">Ha intepretado roles como Dulcamara de L’elisir d’amore (Donizetti),</span></p>
<p><span style="color: #000000;">Nardo de Il filosofo di campagna (Galuppi), Rusignuolo de I due gobi (Marcos Portugal) y Le&nbsp;</span><span style="color: #000000;">baron de Pictordu de Cendrillon (Viardot).&nbsp;</span></p>
<p><span style="color: #000000;">En 2025 debuta en el Teatro de la Maestranza&nbsp;</span><span style="color: #000000;">(Sevilla) interpretando el rol de Parpagnacco de I tre gobi (Manuel García), en una producción&nbsp;</span><span style="color: #000000;">dirigida por Rubén Fernández Aguirre y José Luis Arellano.</span></p>						</div>
				</div>
					</div>
		</div>
					</div>
		</section>
				</div>

<p>Enrique Monteoliva Barítono Nacido en Almería, comenzó sus estudios en el Real Conservatorio Profesional de&nbsp;Música de Almería, donde obtuvo el grado profesional de Piano en 2014 y el de Canto en&nbsp;2018.&nbsp; En 2022 terminó el Grado Superior de Canto Clásico en la Escola Superior de Música&nbsp;de Catalunya (ESMUC, Barcelona) con la soprano Enedina Lloris. Asimismo, [&hellip;]</p>
