{"id":6173,"date":"2025-06-09T07:10:00","date_gmt":"2025-06-09T07:10:00","guid":{"rendered":"https:\/\/elargarmusical.com\/?page_id=6173"},"modified":"2025-06-09T11:44:55","modified_gmt":"2025-06-09T11:44:55","slug":"miquel-ortega-pujol-pianista-compositor-y-director-de-orquesta","status":"publish","type":"page","link":"https:\/\/elargarmusical.com\/?page_id=6173","title":{"rendered":"Miquel Ortega Pujol, pianista, compositor y director de orquesta"},"content":{"rendered":"\t\t<div data-elementor-type=\"wp-page\" data-elementor-id=\"6173\" class=\"elementor elementor-6173\" data-elementor-post-type=\"page\">\n\t\t\t\t\t\t<section class=\"elementor-section elementor-top-section elementor-element elementor-element-ac503c5 elementor-section-full_width elementor-section-stretched elementor-section-height-default elementor-section-height-default\" data-id=\"ac503c5\" data-element_type=\"section\" data-settings=\"{&quot;stretch_section&quot;:&quot;section-stretched&quot;}\">\n\t\t\t\t\t\t<div class=\"elementor-container elementor-column-gap-wider\">\n\t\t\t\t\t<div class=\"elementor-column elementor-col-100 elementor-top-column elementor-element elementor-element-0579280\" data-id=\"0579280\" data-element_type=\"column\">\n\t\t\t<div class=\"elementor-widget-wrap elementor-element-populated\">\n\t\t\t\t\t\t<div class=\"elementor-element elementor-element-e79f8a9 elementor-hidden-mobile elementor-widget elementor-widget-image\" data-id=\"e79f8a9\" data-element_type=\"widget\" data-settings=\"{&quot;ekit_we_effect_on&quot;:&quot;none&quot;}\" data-widget_type=\"image.default\">\n\t\t\t\t<div class=\"elementor-widget-container\">\n\t\t\t\t\t\t\t\t\t\t\t\t\t<img fetchpriority=\"high\" decoding=\"async\" width=\"2048\" height=\"1366\" src=\"https:\/\/elargarmusical.com\/wp-content\/uploads\/2025\/06\/MIQUEL-ORTEGA-PUJOL.jpeg\" class=\"attachment-full size-full wp-image-6175\" alt=\"\" srcset=\"https:\/\/elargarmusical.com\/wp-content\/uploads\/2025\/06\/MIQUEL-ORTEGA-PUJOL.jpeg 2048w, https:\/\/elargarmusical.com\/wp-content\/uploads\/2025\/06\/MIQUEL-ORTEGA-PUJOL-300x200.jpeg 300w, https:\/\/elargarmusical.com\/wp-content\/uploads\/2025\/06\/MIQUEL-ORTEGA-PUJOL-1024x683.jpeg 1024w, https:\/\/elargarmusical.com\/wp-content\/uploads\/2025\/06\/MIQUEL-ORTEGA-PUJOL-768x512.jpeg 768w, https:\/\/elargarmusical.com\/wp-content\/uploads\/2025\/06\/MIQUEL-ORTEGA-PUJOL-1536x1025.jpeg 1536w, https:\/\/elargarmusical.com\/wp-content\/uploads\/2025\/06\/MIQUEL-ORTEGA-PUJOL-600x400.jpeg 600w\" sizes=\"(max-width: 2048px) 100vw, 2048px\" \/>\t\t\t\t\t\t\t\t\t\t\t\t\t<\/div>\n\t\t\t\t<\/div>\n\t\t\t\t\t<\/div>\n\t\t<\/div>\n\t\t\t\t\t<\/div>\n\t\t<\/section>\n\t\t\t\t<section class=\"elementor-section elementor-top-section elementor-element elementor-element-5611d37 elementor-section-boxed elementor-section-height-default elementor-section-height-default\" data-id=\"5611d37\" data-element_type=\"section\">\n\t\t\t\t\t\t<div class=\"elementor-container elementor-column-gap-default\">\n\t\t\t\t\t<div class=\"elementor-column elementor-col-100 elementor-top-column elementor-element elementor-element-c237b5c\" data-id=\"c237b5c\" data-element_type=\"column\">\n\t\t\t<div class=\"elementor-widget-wrap elementor-element-populated\">\n\t\t\t\t\t\t<div class=\"elementor-element elementor-element-efa0a55 elementor-widget elementor-widget-image\" data-id=\"efa0a55\" data-element_type=\"widget\" data-settings=\"{&quot;ekit_we_effect_on&quot;:&quot;none&quot;}\" data-widget_type=\"image.default\">\n\t\t\t\t<div class=\"elementor-widget-container\">\n\t\t\t\t\t\t\t\t\t\t\t\t\t<img decoding=\"async\" width=\"500\" height=\"500\" src=\"https:\/\/elargarmusical.com\/wp-content\/uploads\/2025\/06\/MIQUEL-ORTEGA.jpg\" class=\"attachment-full size-full wp-image-6150\" alt=\"\" srcset=\"https:\/\/elargarmusical.com\/wp-content\/uploads\/2025\/06\/MIQUEL-ORTEGA.jpg 500w, https:\/\/elargarmusical.com\/wp-content\/uploads\/2025\/06\/MIQUEL-ORTEGA-300x300.jpg 300w, https:\/\/elargarmusical.com\/wp-content\/uploads\/2025\/06\/MIQUEL-ORTEGA-150x150.jpg 150w\" sizes=\"(max-width: 500px) 100vw, 500px\" \/>\t\t\t\t\t\t\t\t\t\t\t\t\t<\/div>\n\t\t\t\t<\/div>\n\t\t\t\t<div class=\"elementor-element elementor-element-932267f elementor-widget__width-initial elementor-widget elementor-widget-text-editor\" data-id=\"932267f\" data-element_type=\"widget\" data-settings=\"{&quot;ekit_we_effect_on&quot;:&quot;none&quot;}\" data-widget_type=\"text-editor.default\">\n\t\t\t\t<div class=\"elementor-widget-container\">\n\t\t\t\t\t\t\t<h1>Miquel Ortega Pujol<\/h1><h3>pianista, compositor y director de orquesta<\/h3><p><span style=\"font-family: Arial, sans-serif; color: #000000; font-size: medium; text-align: justify;\">Nace en Barcelona en 1963. Se form\u00f3 en el Conservatorio del Liceu de Barcelona. Estudi\u00f3 canto con Pablo Civil, solfeo con Rosa Sed\u00f3 y piano con Concepci\u00f3n Rib\u00f3. A\u00f1os m\u00e1s tarde estudi\u00f3 direcci\u00f3n de orquesta con Antoni Ros-Marb\u00e1 y composici\u00f3n y orquestaci\u00f3n con Manuel Oltra. En su carrera, la voz a\u00fana el piano, la composici\u00f3n y la direcci\u00f3n, gracias al canto y despu\u00e9s al estudio del piano, tuvo la oportunidad de ser contratado como pianista en el Gran Teatre del Liceu de Barcelona donde se le sugiri\u00f3 el estudio de la direcci\u00f3n.\u00a0<\/span><\/p><p style=\"font-family: 'Helvetica Neue', Helvetica, Arial, sans-serif; font-size: medium; color: #000000; text-align: justify;\"><span style=\"font-family: Arial, sans-serif;\">Su debut como director con el t\u00edtulo de la \u00f3pera Don Pasquale de Donizetti fue en el Teatro Gayarre de Pamplona con la direcci\u00f3n esc\u00e9nica de Emilio Sagi. Poco despu\u00e9s debut\u00f3 en el Teatro de la Zarzuela y en 1994 fue nombrado Director Titular de la Orquesta Sinf\u00f3nica de Navarra desarrollando una importante actividad sinf\u00f3nica.\u00a0<\/span><\/p><p style=\"font-family: 'Helvetica Neue', Helvetica, Arial, sans-serif; font-size: medium; color: #000000; text-align: justify;\"><span style=\"font-family: Arial, sans-serif;\">Ha dirigido en grandes salas de conciertos y teatros de \u00f3pera por todo el mundo como: Gran Teatro del Liceu y el Palau de la M\u00fasica de Barcelona, en el Teatro Real, Teatro de la Zarzuela y Auditorio Nacional de M\u00fasica de Madrid. En el Kennedy Center de Washington, Teatro Col\u00f3n de Buenos Aires, Th\u00e9\u00e2tre du Capitole de Toulouse, Lindbury Studium de la Royal Opera House, Coven Garden de Londres, King\u2019s Theater de Edinmburgo, entre otros, habiendo dirigido aproximadamente cien t\u00edtulos oper\u00edsticos y alrededor de veinte t\u00edtulos de zarzuela.<\/span><\/p><p style=\"font-family: 'Helvetica Neue', Helvetica, Arial, sans-serif; font-size: medium; color: #000000; text-align: justify;\"><span style=\"font-family: Arial, sans-serif;\">En 1997 fue nominado como mejor director musical por su trabajo en el musical de West Side Story de Leonard Bernstein.<\/span><\/p><p style=\"font-family: 'Helvetica Neue', Helvetica, Arial, sans-serif; font-size: medium; color: #000000; text-align: justify;\"><span style=\"font-family: Arial, sans-serif;\">Debido a su prematura preparaci\u00f3n en el Gran Teatre del Liceu de Barcelona y en el Teatro de la Zarzuela de Madrid, ha sido consagrado como uno de los m\u00e1ximos conocedores del g\u00e9nero l\u00edrico en nuestro pa\u00eds.\u00a0\u00a0Su obra como compositor es muy extensa y comprende canciones, m\u00fasica instrumental, m\u00fasica de c\u00e1mara, \u00f3peras, etc. Su m\u00fasica ha sonado en auditorios y teatros como Carnegie Hall de Nueva York, la Philharmonie de Berl\u00edn o el Teatro Real de Madrid.\u00a0<\/span><\/p><p style=\"font-family: 'Helvetica Neue', Helvetica, Arial, sans-serif; font-size: medium; color: #000000; text-align: justify;\"><span style=\"font-family: Arial, sans-serif;\">En dicha especializaci\u00f3n, sobresale tambi\u00e9n la voz como elemento principal.<\/span><\/p><p style=\"font-family: 'Helvetica Neue', Helvetica, Arial, sans-serif; font-size: medium; color: #000000; text-align: justify;\"><span style=\"font-family: Arial, sans-serif;\">Ha compuesto m\u00e1s de cien canciones y varias \u00f3peras, como por ejemplo La casa de Bernarda Alba; los ciclos: \u201cLes quatre estacions\u201d, \u201cNueve gacelas por el Monte L\u00edbano\u201d, \u201cPascua Florida\u201d, \u201cTres poemas burlescos\u201d y una canci\u00f3n de amor; tr\u00edpticos sobre poemas de Joan Salvat Papasseit y Antonio Machado, as\u00ed como d\u00edpticos sobre poemas de Rafael Alberti y Le\u00f3n Felipe y por supuesto sus canciones sobre textos de Federico Garc\u00eda Lorca.<\/span><\/p><p style=\"font-family: 'Helvetica Neue', Helvetica, Arial, sans-serif; font-size: medium; color: #000000; text-align: justify;\"><span style=\"font-family: Arial, sans-serif;\">Muchos cantantes en la actualidad tienen en repertorio algunas de sus canciones. Voces como las de Montserrat Caball\u00e9, Carlos \u00c1lvarez, Ainoha Arteta o Ana H\u00e4sler han incluido sus ciclos de canciones en sus conciertos. Ana H\u00e4sler ha sido dedicataria de una de sus obras m\u00e1s originales: el anteriormente mencionado ciclo de las \u201cNueve Gacelas por el Monte L\u00edbano\u201d, as\u00ed como el \u201cPoema arg\u00e1rico\u201d, ambas obras basadas en versos de su hermano, el renombrado poeta Rodolfo H\u00e4sler.<\/span><\/p>\t\t\t\t\t\t<\/div>\n\t\t\t\t<\/div>\n\t\t\t\t\t<\/div>\n\t\t<\/div>\n\t\t\t\t\t<\/div>\n\t\t<\/section>\n\t\t\t\t<\/div>\n\t\t","protected":false},"excerpt":{"rendered":"<p>Miquel Ortega Pujol pianista, compositor y director de orquesta Nace en Barcelona en 1963. Se form\u00f3 en el Conservatorio del Liceu de Barcelona. Estudi\u00f3 canto con Pablo Civil, solfeo con Rosa Sed\u00f3 y piano con Concepci\u00f3n Rib\u00f3. A\u00f1os m\u00e1s tarde estudi\u00f3 direcci\u00f3n de orquesta con Antoni Ros-Marb\u00e1 y composici\u00f3n y orquestaci\u00f3n con Manuel Oltra. En [&hellip;]<\/p>\n","protected":false},"author":1,"featured_media":0,"parent":0,"menu_order":0,"comment_status":"closed","ping_status":"closed","template":"","meta":{"footnotes":""},"class_list":["post-6173","page","type-page","status-publish","hentry"],"_links":{"self":[{"href":"https:\/\/elargarmusical.com\/index.php?rest_route=\/wp\/v2\/pages\/6173","targetHints":{"allow":["GET"]}}],"collection":[{"href":"https:\/\/elargarmusical.com\/index.php?rest_route=\/wp\/v2\/pages"}],"about":[{"href":"https:\/\/elargarmusical.com\/index.php?rest_route=\/wp\/v2\/types\/page"}],"author":[{"embeddable":true,"href":"https:\/\/elargarmusical.com\/index.php?rest_route=\/wp\/v2\/users\/1"}],"replies":[{"embeddable":true,"href":"https:\/\/elargarmusical.com\/index.php?rest_route=%2Fwp%2Fv2%2Fcomments&post=6173"}],"version-history":[{"count":7,"href":"https:\/\/elargarmusical.com\/index.php?rest_route=\/wp\/v2\/pages\/6173\/revisions"}],"predecessor-version":[{"id":6242,"href":"https:\/\/elargarmusical.com\/index.php?rest_route=\/wp\/v2\/pages\/6173\/revisions\/6242"}],"wp:attachment":[{"href":"https:\/\/elargarmusical.com\/index.php?rest_route=%2Fwp%2Fv2%2Fmedia&parent=6173"}],"curies":[{"name":"wp","href":"https:\/\/api.w.org\/{rel}","templated":true}]}}

<div data-elementor-type="wp-page" data-elementor-id="6173" class="elementor elementor-6173" data-elementor-post-type="page">
						<section class="elementor-section elementor-top-section elementor-element elementor-element-ac503c5 elementor-section-full_width elementor-section-stretched elementor-section-height-default elementor-section-height-default" data-id="ac503c5" data-element_type="section" data-settings="{&quot;stretch_section&quot;:&quot;section-stretched&quot;}">
						<div class="elementor-container elementor-column-gap-wider">
					<div class="elementor-column elementor-col-100 elementor-top-column elementor-element elementor-element-0579280" data-id="0579280" data-element_type="column">
			<div class="elementor-widget-wrap elementor-element-populated">
						<div class="elementor-element elementor-element-e79f8a9 elementor-hidden-mobile elementor-widget elementor-widget-image" data-id="e79f8a9" data-element_type="widget" data-settings="{&quot;ekit_we_effect_on&quot;:&quot;none&quot;}" data-widget_type="image.default">
				<div class="elementor-widget-container">
													<img fetchpriority="high" decoding="async" width="2048" height="1366" src="https://elargarmusical.com/wp-content/uploads/2025/06/MIQUEL-ORTEGA-PUJOL.jpeg" class="attachment-full size-full wp-image-6175" alt="" srcset="https://elargarmusical.com/wp-content/uploads/2025/06/MIQUEL-ORTEGA-PUJOL.jpeg 2048w, https://elargarmusical.com/wp-content/uploads/2025/06/MIQUEL-ORTEGA-PUJOL-300x200.jpeg 300w, https://elargarmusical.com/wp-content/uploads/2025/06/MIQUEL-ORTEGA-PUJOL-1024x683.jpeg 1024w, https://elargarmusical.com/wp-content/uploads/2025/06/MIQUEL-ORTEGA-PUJOL-768x512.jpeg 768w, https://elargarmusical.com/wp-content/uploads/2025/06/MIQUEL-ORTEGA-PUJOL-1536x1025.jpeg 1536w, https://elargarmusical.com/wp-content/uploads/2025/06/MIQUEL-ORTEGA-PUJOL-600x400.jpeg 600w" sizes="(max-width: 2048px) 100vw, 2048px" />													</div>
				</div>
					</div>
		</div>
					</div>
		</section>
				<section class="elementor-section elementor-top-section elementor-element elementor-element-5611d37 elementor-section-boxed elementor-section-height-default elementor-section-height-default" data-id="5611d37" data-element_type="section">
						<div class="elementor-container elementor-column-gap-default">
					<div class="elementor-column elementor-col-100 elementor-top-column elementor-element elementor-element-c237b5c" data-id="c237b5c" data-element_type="column">
			<div class="elementor-widget-wrap elementor-element-populated">
						<div class="elementor-element elementor-element-efa0a55 elementor-widget elementor-widget-image" data-id="efa0a55" data-element_type="widget" data-settings="{&quot;ekit_we_effect_on&quot;:&quot;none&quot;}" data-widget_type="image.default">
				<div class="elementor-widget-container">
													<img decoding="async" width="500" height="500" src="https://elargarmusical.com/wp-content/uploads/2025/06/MIQUEL-ORTEGA.jpg" class="attachment-full size-full wp-image-6150" alt="" srcset="https://elargarmusical.com/wp-content/uploads/2025/06/MIQUEL-ORTEGA.jpg 500w, https://elargarmusical.com/wp-content/uploads/2025/06/MIQUEL-ORTEGA-300x300.jpg 300w, https://elargarmusical.com/wp-content/uploads/2025/06/MIQUEL-ORTEGA-150x150.jpg 150w" sizes="(max-width: 500px) 100vw, 500px" />													</div>
				</div>
				<div class="elementor-element elementor-element-932267f elementor-widget__width-initial elementor-widget elementor-widget-text-editor" data-id="932267f" data-element_type="widget" data-settings="{&quot;ekit_we_effect_on&quot;:&quot;none&quot;}" data-widget_type="text-editor.default">
				<div class="elementor-widget-container">
							<h1>Miquel Ortega Pujol</h1><h3>pianista, compositor y director de orquesta</h3><p><span style="font-family: Arial, sans-serif; color: #000000; font-size: medium; text-align: justify;">Nace en Barcelona en 1963. Se formó en el Conservatorio del Liceu de Barcelona. Estudió canto con Pablo Civil, solfeo con Rosa Sedó y piano con Concepción Ribó. Años más tarde estudió dirección de orquesta con Antoni Ros-Marbá y composición y orquestación con Manuel Oltra. En su carrera, la voz aúna el piano, la composición y la dirección, gracias al canto y después al estudio del piano, tuvo la oportunidad de ser contratado como pianista en el Gran Teatre del Liceu de Barcelona donde se le sugirió el estudio de la dirección. </span></p><p style="font-family: 'Helvetica Neue', Helvetica, Arial, sans-serif; font-size: medium; color: #000000; text-align: justify;"><span style="font-family: Arial, sans-serif;">Su debut como director con el título de la ópera Don Pasquale de Donizetti fue en el Teatro Gayarre de Pamplona con la dirección escénica de Emilio Sagi. Poco después debutó en el Teatro de la Zarzuela y en 1994 fue nombrado Director Titular de la Orquesta Sinfónica de Navarra desarrollando una importante actividad sinfónica. </span></p><p style="font-family: 'Helvetica Neue', Helvetica, Arial, sans-serif; font-size: medium; color: #000000; text-align: justify;"><span style="font-family: Arial, sans-serif;">Ha dirigido en grandes salas de conciertos y teatros de ópera por todo el mundo como: Gran Teatro del Liceu y el Palau de la Música de Barcelona, en el Teatro Real, Teatro de la Zarzuela y Auditorio Nacional de Música de Madrid. En el Kennedy Center de Washington, Teatro Colón de Buenos Aires, Théâtre du Capitole de Toulouse, Lindbury Studium de la Royal Opera House, Coven Garden de Londres, King’s Theater de Edinmburgo, entre otros, habiendo dirigido aproximadamente cien títulos operísticos y alrededor de veinte títulos de zarzuela.</span></p><p style="font-family: 'Helvetica Neue', Helvetica, Arial, sans-serif; font-size: medium; color: #000000; text-align: justify;"><span style="font-family: Arial, sans-serif;">En 1997 fue nominado como mejor director musical por su trabajo en el musical de West Side Story de Leonard Bernstein.</span></p><p style="font-family: 'Helvetica Neue', Helvetica, Arial, sans-serif; font-size: medium; color: #000000; text-align: justify;"><span style="font-family: Arial, sans-serif;">Debido a su prematura preparación en el Gran Teatre del Liceu de Barcelona y en el Teatro de la Zarzuela de Madrid, ha sido consagrado como uno de los máximos conocedores del género lírico en nuestro país.  Su obra como compositor es muy extensa y comprende canciones, música instrumental, música de cámara, óperas, etc. Su música ha sonado en auditorios y teatros como Carnegie Hall de Nueva York, la Philharmonie de Berlín o el Teatro Real de Madrid. </span></p><p style="font-family: 'Helvetica Neue', Helvetica, Arial, sans-serif; font-size: medium; color: #000000; text-align: justify;"><span style="font-family: Arial, sans-serif;">En dicha especialización, sobresale también la voz como elemento principal.</span></p><p style="font-family: 'Helvetica Neue', Helvetica, Arial, sans-serif; font-size: medium; color: #000000; text-align: justify;"><span style="font-family: Arial, sans-serif;">Ha compuesto más de cien canciones y varias óperas, como por ejemplo La casa de Bernarda Alba; los ciclos: “Les quatre estacions”, “Nueve gacelas por el Monte Líbano”, “Pascua Florida”, “Tres poemas burlescos” y una canción de amor; trípticos sobre poemas de Joan Salvat Papasseit y Antonio Machado, así como dípticos sobre poemas de Rafael Alberti y León Felipe y por supuesto sus canciones sobre textos de Federico García Lorca.</span></p><p style="font-family: 'Helvetica Neue', Helvetica, Arial, sans-serif; font-size: medium; color: #000000; text-align: justify;"><span style="font-family: Arial, sans-serif;">Muchos cantantes en la actualidad tienen en repertorio algunas de sus canciones. Voces como las de Montserrat Caballé, Carlos Álvarez, Ainoha Arteta o Ana Häsler han incluido sus ciclos de canciones en sus conciertos. Ana Häsler ha sido dedicataria de una de sus obras más originales: el anteriormente mencionado ciclo de las “Nueve Gacelas por el Monte Líbano”, así como el “Poema argárico”, ambas obras basadas en versos de su hermano, el renombrado poeta Rodolfo Häsler.</span></p>						</div>
				</div>
					</div>
		</div>
					</div>
		</section>
				</div>

<p>Miquel Ortega Pujol pianista, compositor y director de orquesta Nace en Barcelona en 1963. Se formó en el Conservatorio del Liceu de Barcelona. Estudió canto con Pablo Civil, solfeo con Rosa Sedó y piano con Concepción Ribó. Años más tarde estudió dirección de orquesta con Antoni Ros-Marbá y composición y orquestación con Manuel Oltra. En [&hellip;]</p>
