{"id":6179,"date":"2025-06-09T07:15:21","date_gmt":"2025-06-09T07:15:21","guid":{"rendered":"https:\/\/elargarmusical.com\/?page_id=6179"},"modified":"2025-06-09T11:43:22","modified_gmt":"2025-06-09T11:43:22","slug":"curro-carreres-director-de-escena","status":"publish","type":"page","link":"https:\/\/elargarmusical.com\/?page_id=6179","title":{"rendered":"Curro Carreres, director de escena"},"content":{"rendered":"\t\t<div data-elementor-type=\"wp-page\" data-elementor-id=\"6179\" class=\"elementor elementor-6179\" data-elementor-post-type=\"page\">\n\t\t\t\t\t\t<section class=\"elementor-section elementor-top-section elementor-element elementor-element-ac503c5 elementor-section-full_width elementor-section-stretched elementor-section-height-default elementor-section-height-default\" data-id=\"ac503c5\" data-element_type=\"section\" data-settings=\"{&quot;stretch_section&quot;:&quot;section-stretched&quot;}\">\n\t\t\t\t\t\t<div class=\"elementor-container elementor-column-gap-wider\">\n\t\t\t\t\t<div class=\"elementor-column elementor-col-100 elementor-top-column elementor-element elementor-element-0579280\" data-id=\"0579280\" data-element_type=\"column\">\n\t\t\t<div class=\"elementor-widget-wrap elementor-element-populated\">\n\t\t\t\t\t\t<div class=\"elementor-element elementor-element-e79f8a9 elementor-hidden-mobile elementor-widget elementor-widget-image\" data-id=\"e79f8a9\" data-element_type=\"widget\" data-settings=\"{&quot;ekit_we_effect_on&quot;:&quot;none&quot;}\" data-widget_type=\"image.default\">\n\t\t\t\t<div class=\"elementor-widget-container\">\n\t\t\t\t\t\t\t\t\t\t\t\t\t<img fetchpriority=\"high\" decoding=\"async\" width=\"1200\" height=\"675\" src=\"https:\/\/elargarmusical.com\/wp-content\/uploads\/2025\/06\/CURRO-CARRERES.jpg\" class=\"attachment-full size-full wp-image-6181\" alt=\"\" srcset=\"https:\/\/elargarmusical.com\/wp-content\/uploads\/2025\/06\/CURRO-CARRERES.jpg 1200w, https:\/\/elargarmusical.com\/wp-content\/uploads\/2025\/06\/CURRO-CARRERES-300x169.jpg 300w, https:\/\/elargarmusical.com\/wp-content\/uploads\/2025\/06\/CURRO-CARRERES-1024x576.jpg 1024w, https:\/\/elargarmusical.com\/wp-content\/uploads\/2025\/06\/CURRO-CARRERES-768x432.jpg 768w, https:\/\/elargarmusical.com\/wp-content\/uploads\/2025\/06\/CURRO-CARRERES-600x338.jpg 600w\" sizes=\"(max-width: 1200px) 100vw, 1200px\" \/>\t\t\t\t\t\t\t\t\t\t\t\t\t<\/div>\n\t\t\t\t<\/div>\n\t\t\t\t\t<\/div>\n\t\t<\/div>\n\t\t\t\t\t<\/div>\n\t\t<\/section>\n\t\t\t\t<section class=\"elementor-section elementor-top-section elementor-element elementor-element-5611d37 elementor-section-boxed elementor-section-height-default elementor-section-height-default\" data-id=\"5611d37\" data-element_type=\"section\">\n\t\t\t\t\t\t<div class=\"elementor-container elementor-column-gap-default\">\n\t\t\t\t\t<div class=\"elementor-column elementor-col-100 elementor-top-column elementor-element elementor-element-c237b5c\" data-id=\"c237b5c\" data-element_type=\"column\">\n\t\t\t<div class=\"elementor-widget-wrap elementor-element-populated\">\n\t\t\t\t\t\t<div class=\"elementor-element elementor-element-efa0a55 elementor-widget elementor-widget-image\" data-id=\"efa0a55\" data-element_type=\"widget\" data-settings=\"{&quot;ekit_we_effect_on&quot;:&quot;none&quot;}\" data-widget_type=\"image.default\">\n\t\t\t\t<div class=\"elementor-widget-container\">\n\t\t\t\t\t\t\t\t\t\t\t\t\t<img decoding=\"async\" width=\"1024\" height=\"670\" src=\"https:\/\/elargarmusical.com\/wp-content\/uploads\/2025\/06\/CURRO-CARRERES-2.jpg\" class=\"attachment-full size-full wp-image-6151\" alt=\"\" srcset=\"https:\/\/elargarmusical.com\/wp-content\/uploads\/2025\/06\/CURRO-CARRERES-2.jpg 1024w, https:\/\/elargarmusical.com\/wp-content\/uploads\/2025\/06\/CURRO-CARRERES-2-300x196.jpg 300w, https:\/\/elargarmusical.com\/wp-content\/uploads\/2025\/06\/CURRO-CARRERES-2-768x503.jpg 768w, https:\/\/elargarmusical.com\/wp-content\/uploads\/2025\/06\/CURRO-CARRERES-2-600x393.jpg 600w\" sizes=\"(max-width: 1024px) 100vw, 1024px\" \/>\t\t\t\t\t\t\t\t\t\t\t\t\t<\/div>\n\t\t\t\t<\/div>\n\t\t\t\t<div class=\"elementor-element elementor-element-932267f elementor-widget__width-initial elementor-widget elementor-widget-text-editor\" data-id=\"932267f\" data-element_type=\"widget\" data-settings=\"{&quot;ekit_we_effect_on&quot;:&quot;none&quot;}\" data-widget_type=\"text-editor.default\">\n\t\t\t\t<div class=\"elementor-widget-container\">\n\t\t\t\t\t\t\t<h1><span style=\"color: #000000;\">Curro Carreres<br><\/span><\/h1>\n<h3>director de escena<\/h3>\n<p><span style=\"font-size: medium; color: #000000; font-family: 'Helvetica Neue', Helvetica, Arial, sans-serif; text-align: justify;\">Director espa\u00f1ol nacido en Murcia. Debuta en 2004 dirigiendo \u201cCarmen\u201d en el Festival de Los Veranos de la Villa de Madrid. Gana el Primer Premio del Concurso Nacional de Las Palmas de Gran Canaria 2005, y en mayo de 2006 dirigi\u00f3 \u201cDon Pasquale\u201d dentro del Festival de \u00d3pera Alfredo Kraus.&nbsp;<\/span><\/p>\n<div dir=\"ltr\" style=\"font-family: 'Helvetica Neue', Helvetica, Arial, sans-serif; font-size: medium; text-align: justify; color: #000000;\"><span style=\"font-size: medium;\">&nbsp;<\/span><\/div>\n<div dir=\"ltr\" style=\"font-family: 'Helvetica Neue', Helvetica, Arial, sans-serif; font-size: medium; text-align: justify; color: #000000;\"><span style=\"font-size: medium;\">Destacan dos estrenos absolutos que ha dirigido en Espa\u00f1a: \u201cTolomeo, Rey de Egipto\u00bb de Haendel, en 2008 en el Teatro Arriaga, y en el Auditorio de Murcia la Opera contempor\u00e1nea para ni\u00f1os \u00abPinoccio\u00bb de Natalia Valli. Ha debutado en Italia para \u201cMaggio Musicale Fiorentino\u201d con \u201cLa Serva Padrona\u201d de Pergolessi, en 2010, repuesta en noviembre 2013. Otros t\u00edtulos dirigidos son \u201cCos\u00ec fan Tutte\u201d de Mozart&nbsp; y \u201cEl Barbero de Sevilla\u201d de Rossini y la Zarzuela \u201cEntre Sevilla y Triana\u201d de Pablo Sorozabal, aut\u00e9ntico rescate de esta obra perdida y que se pudo ver en Oviedo, Sevilla y Bilbao en 2012\/13. Ha puesto en escena el espect\u00e1culo \u201cGitanas\u201d con la mezzo Nancy Herrera entre otros eventos y Galas L\u00edricas como la del XX Aniversario de la muerte de Alfredo Kraus en el Teatro Real de Madrid.&nbsp;<\/span><\/div>\n<div dir=\"ltr\" style=\"font-family: 'Helvetica Neue', Helvetica, Arial, sans-serif; font-size: medium; text-align: justify; color: #000000;\"><span style=\"font-size: medium;\">&nbsp;<\/span><\/div>\n<div dir=\"ltr\" style=\"font-family: 'Helvetica Neue', Helvetica, Arial, sans-serif; font-size: medium; text-align: justify; color: #000000;\"><span style=\"font-size: medium;\">Director Art\u00edstico de la Temporada L\u00edrica del Auditorio de Murcia hasta 2011, ha debutado en el continente americano con \u201cDon Giovanni\u201d en el T. Sol\u00eds de Montevideo y \u201cAttila\u201d, en el T. Municipal de Santiago de Chile. Ha estrenado nuevas puestas en escena de \u201cDon Giovanni\u201d y \u201cLa Boheme\u201d en Espa\u00f1a, y recientes son sus \u00e9xitos en las producciones de \u201cSanson y Dalila\u201d y \u201cFaust\u201d en Opera Oviedo y \u201cSim\u00f3n Bocanegra\u201d en la Temporada \u201cAlfredo Kraus\u201d 2016\/17. En Opera de Tenerife dirigi\u00f3 la zarzuela \u201cDo\u00f1a Francisquita\u201d y ha obtenido un nuevo \u00e9xito con \u201cLa Cenerentola\u201d de Rossini en el Teatro Gayarre de Pamplona en 2017.&nbsp;<\/span><\/div>\n<div dir=\"ltr\" style=\"font-family: 'Helvetica Neue', Helvetica, Arial, sans-serif; font-size: medium; text-align: justify; color: #000000;\"><span style=\"font-size: medium;\">&nbsp;<\/span><\/div>\n<div dir=\"ltr\" style=\"font-family: 'Helvetica Neue', Helvetica, Arial, sans-serif; font-size: medium; text-align: justify; color: #000000;\"><span style=\"font-size: medium;\">Siempre interesado y comprometido con el patrimonio art\u00edstico espa\u00f1ol ha recuperado en 2019 la Zarzuela de Fern\u00e1ndez Caballero \u201cLa Manta Zamorana\u201d, como tambi\u00e9n contribuy\u00f3 en la investigaci\u00f3n de la \u00f3pera \u201cMaria del Carmen\u201d de E. Granados y en los \u00faltimos a\u00f1os se ha concentrado en su investigaci\u00f3n en las artes en la Universidad de Murcia y la de Bari en Italia, impulsando sus actividades docentes en distintos cursos en Espa\u00f1a.&nbsp;<\/span><\/div>\n<div dir=\"ltr\" style=\"font-family: 'Helvetica Neue', Helvetica, Arial, sans-serif; font-size: medium; text-align: justify; color: #000000;\"><span style=\"font-size: medium;\">&nbsp;<\/span><\/div>\n<div dir=\"ltr\" style=\"font-family: 'Helvetica Neue', Helvetica, Arial, sans-serif; font-size: medium; text-align: justify; color: #000000;\"><span style=\"font-size: medium;\">Su estreno en el T. Cervantes de M\u00e1laga, en febrero 2020 de la nueva producci\u00f3n de \u201cLa Favorita\u201d de Donizetti, fue la \u00faltima producci\u00f3n l\u00edrica que se estren\u00f3 en nuestro pa\u00eds antes del Covid y \u201cAgua, Azucarillos y Aguardiente\u201d de F. Chueca y \u201cLa Revoltosa\u201d de R. Chap\u00ed postpuesta en 2020 por la pandemia actual, y el debut como director en el Teatro de la Zarzuela de Madrid con \u201cEntre Sevilla y Triana\u201d en enero 2022.<\/span><\/div>\t\t\t\t\t\t<\/div>\n\t\t\t\t<\/div>\n\t\t\t\t\t<\/div>\n\t\t<\/div>\n\t\t\t\t\t<\/div>\n\t\t<\/section>\n\t\t\t\t<\/div>\n\t\t","protected":false},"excerpt":{"rendered":"<p>Curro Carreres director de escena Director espa\u00f1ol nacido en Murcia. Debuta en 2004 dirigiendo \u201cCarmen\u201d en el Festival de Los Veranos de la Villa de Madrid. Gana el Primer Premio del Concurso Nacional de Las Palmas de Gran Canaria 2005, y en mayo de 2006 dirigi\u00f3 \u201cDon Pasquale\u201d dentro del Festival de \u00d3pera Alfredo Kraus.&nbsp; [&hellip;]<\/p>\n","protected":false},"author":1,"featured_media":0,"parent":0,"menu_order":0,"comment_status":"closed","ping_status":"closed","template":"","meta":{"footnotes":""},"class_list":["post-6179","page","type-page","status-publish","hentry"],"_links":{"self":[{"href":"https:\/\/elargarmusical.com\/index.php?rest_route=\/wp\/v2\/pages\/6179","targetHints":{"allow":["GET"]}}],"collection":[{"href":"https:\/\/elargarmusical.com\/index.php?rest_route=\/wp\/v2\/pages"}],"about":[{"href":"https:\/\/elargarmusical.com\/index.php?rest_route=\/wp\/v2\/types\/page"}],"author":[{"embeddable":true,"href":"https:\/\/elargarmusical.com\/index.php?rest_route=\/wp\/v2\/users\/1"}],"replies":[{"embeddable":true,"href":"https:\/\/elargarmusical.com\/index.php?rest_route=%2Fwp%2Fv2%2Fcomments&post=6179"}],"version-history":[{"count":10,"href":"https:\/\/elargarmusical.com\/index.php?rest_route=\/wp\/v2\/pages\/6179\/revisions"}],"predecessor-version":[{"id":6230,"href":"https:\/\/elargarmusical.com\/index.php?rest_route=\/wp\/v2\/pages\/6179\/revisions\/6230"}],"wp:attachment":[{"href":"https:\/\/elargarmusical.com\/index.php?rest_route=%2Fwp%2Fv2%2Fmedia&parent=6179"}],"curies":[{"name":"wp","href":"https:\/\/api.w.org\/{rel}","templated":true}]}}

<div data-elementor-type="wp-page" data-elementor-id="6179" class="elementor elementor-6179" data-elementor-post-type="page">
						<section class="elementor-section elementor-top-section elementor-element elementor-element-ac503c5 elementor-section-full_width elementor-section-stretched elementor-section-height-default elementor-section-height-default" data-id="ac503c5" data-element_type="section" data-settings="{&quot;stretch_section&quot;:&quot;section-stretched&quot;}">
						<div class="elementor-container elementor-column-gap-wider">
					<div class="elementor-column elementor-col-100 elementor-top-column elementor-element elementor-element-0579280" data-id="0579280" data-element_type="column">
			<div class="elementor-widget-wrap elementor-element-populated">
						<div class="elementor-element elementor-element-e79f8a9 elementor-hidden-mobile elementor-widget elementor-widget-image" data-id="e79f8a9" data-element_type="widget" data-settings="{&quot;ekit_we_effect_on&quot;:&quot;none&quot;}" data-widget_type="image.default">
				<div class="elementor-widget-container">
													<img fetchpriority="high" decoding="async" width="1200" height="675" src="https://elargarmusical.com/wp-content/uploads/2025/06/CURRO-CARRERES.jpg" class="attachment-full size-full wp-image-6181" alt="" srcset="https://elargarmusical.com/wp-content/uploads/2025/06/CURRO-CARRERES.jpg 1200w, https://elargarmusical.com/wp-content/uploads/2025/06/CURRO-CARRERES-300x169.jpg 300w, https://elargarmusical.com/wp-content/uploads/2025/06/CURRO-CARRERES-1024x576.jpg 1024w, https://elargarmusical.com/wp-content/uploads/2025/06/CURRO-CARRERES-768x432.jpg 768w, https://elargarmusical.com/wp-content/uploads/2025/06/CURRO-CARRERES-600x338.jpg 600w" sizes="(max-width: 1200px) 100vw, 1200px" />													</div>
				</div>
					</div>
		</div>
					</div>
		</section>
				<section class="elementor-section elementor-top-section elementor-element elementor-element-5611d37 elementor-section-boxed elementor-section-height-default elementor-section-height-default" data-id="5611d37" data-element_type="section">
						<div class="elementor-container elementor-column-gap-default">
					<div class="elementor-column elementor-col-100 elementor-top-column elementor-element elementor-element-c237b5c" data-id="c237b5c" data-element_type="column">
			<div class="elementor-widget-wrap elementor-element-populated">
						<div class="elementor-element elementor-element-efa0a55 elementor-widget elementor-widget-image" data-id="efa0a55" data-element_type="widget" data-settings="{&quot;ekit_we_effect_on&quot;:&quot;none&quot;}" data-widget_type="image.default">
				<div class="elementor-widget-container">
													<img decoding="async" width="1024" height="670" src="https://elargarmusical.com/wp-content/uploads/2025/06/CURRO-CARRERES-2.jpg" class="attachment-full size-full wp-image-6151" alt="" srcset="https://elargarmusical.com/wp-content/uploads/2025/06/CURRO-CARRERES-2.jpg 1024w, https://elargarmusical.com/wp-content/uploads/2025/06/CURRO-CARRERES-2-300x196.jpg 300w, https://elargarmusical.com/wp-content/uploads/2025/06/CURRO-CARRERES-2-768x503.jpg 768w, https://elargarmusical.com/wp-content/uploads/2025/06/CURRO-CARRERES-2-600x393.jpg 600w" sizes="(max-width: 1024px) 100vw, 1024px" />													</div>
				</div>
				<div class="elementor-element elementor-element-932267f elementor-widget__width-initial elementor-widget elementor-widget-text-editor" data-id="932267f" data-element_type="widget" data-settings="{&quot;ekit_we_effect_on&quot;:&quot;none&quot;}" data-widget_type="text-editor.default">
				<div class="elementor-widget-container">
							<h1><span style="color: #000000;">Curro Carreres<br></span></h1>
<h3>director de escena</h3>
<p><span style="font-size: medium; color: #000000; font-family: 'Helvetica Neue', Helvetica, Arial, sans-serif; text-align: justify;">Director español nacido en Murcia. Debuta en 2004 dirigiendo “Carmen” en el Festival de Los Veranos de la Villa de Madrid. Gana el Primer Premio del Concurso Nacional de Las Palmas de Gran Canaria 2005, y en mayo de 2006 dirigió “Don Pasquale” dentro del Festival de Ópera Alfredo Kraus.&nbsp;</span></p>
<div dir="ltr" style="font-family: 'Helvetica Neue', Helvetica, Arial, sans-serif; font-size: medium; text-align: justify; color: #000000;"><span style="font-size: medium;">&nbsp;</span></div>
<div dir="ltr" style="font-family: 'Helvetica Neue', Helvetica, Arial, sans-serif; font-size: medium; text-align: justify; color: #000000;"><span style="font-size: medium;">Destacan dos estrenos absolutos que ha dirigido en España: “Tolomeo, Rey de Egipto» de Haendel, en 2008 en el Teatro Arriaga, y en el Auditorio de Murcia la Opera contemporánea para niños «Pinoccio» de Natalia Valli. Ha debutado en Italia para “Maggio Musicale Fiorentino” con “La Serva Padrona” de Pergolessi, en 2010, repuesta en noviembre 2013. Otros títulos dirigidos son “Così fan Tutte” de Mozart&nbsp; y “El Barbero de Sevilla” de Rossini y la Zarzuela “Entre Sevilla y Triana” de Pablo Sorozabal, auténtico rescate de esta obra perdida y que se pudo ver en Oviedo, Sevilla y Bilbao en 2012/13. Ha puesto en escena el espectáculo “Gitanas” con la mezzo Nancy Herrera entre otros eventos y Galas Líricas como la del XX Aniversario de la muerte de Alfredo Kraus en el Teatro Real de Madrid.&nbsp;</span></div>
<div dir="ltr" style="font-family: 'Helvetica Neue', Helvetica, Arial, sans-serif; font-size: medium; text-align: justify; color: #000000;"><span style="font-size: medium;">&nbsp;</span></div>
<div dir="ltr" style="font-family: 'Helvetica Neue', Helvetica, Arial, sans-serif; font-size: medium; text-align: justify; color: #000000;"><span style="font-size: medium;">Director Artístico de la Temporada Lírica del Auditorio de Murcia hasta 2011, ha debutado en el continente americano con “Don Giovanni” en el T. Solís de Montevideo y “Attila”, en el T. Municipal de Santiago de Chile. Ha estrenado nuevas puestas en escena de “Don Giovanni” y “La Boheme” en España, y recientes son sus éxitos en las producciones de “Sanson y Dalila” y “Faust” en Opera Oviedo y “Simón Bocanegra” en la Temporada “Alfredo Kraus” 2016/17. En Opera de Tenerife dirigió la zarzuela “Doña Francisquita” y ha obtenido un nuevo éxito con “La Cenerentola” de Rossini en el Teatro Gayarre de Pamplona en 2017.&nbsp;</span></div>
<div dir="ltr" style="font-family: 'Helvetica Neue', Helvetica, Arial, sans-serif; font-size: medium; text-align: justify; color: #000000;"><span style="font-size: medium;">&nbsp;</span></div>
<div dir="ltr" style="font-family: 'Helvetica Neue', Helvetica, Arial, sans-serif; font-size: medium; text-align: justify; color: #000000;"><span style="font-size: medium;">Siempre interesado y comprometido con el patrimonio artístico español ha recuperado en 2019 la Zarzuela de Fernández Caballero “La Manta Zamorana”, como también contribuyó en la investigación de la ópera “Maria del Carmen” de E. Granados y en los últimos años se ha concentrado en su investigación en las artes en la Universidad de Murcia y la de Bari en Italia, impulsando sus actividades docentes en distintos cursos en España.&nbsp;</span></div>
<div dir="ltr" style="font-family: 'Helvetica Neue', Helvetica, Arial, sans-serif; font-size: medium; text-align: justify; color: #000000;"><span style="font-size: medium;">&nbsp;</span></div>
<div dir="ltr" style="font-family: 'Helvetica Neue', Helvetica, Arial, sans-serif; font-size: medium; text-align: justify; color: #000000;"><span style="font-size: medium;">Su estreno en el T. Cervantes de Málaga, en febrero 2020 de la nueva producción de “La Favorita” de Donizetti, fue la última producción lírica que se estrenó en nuestro país antes del Covid y “Agua, Azucarillos y Aguardiente” de F. Chueca y “La Revoltosa” de R. Chapí postpuesta en 2020 por la pandemia actual, y el debut como director en el Teatro de la Zarzuela de Madrid con “Entre Sevilla y Triana” en enero 2022.</span></div>						</div>
				</div>
					</div>
		</div>
					</div>
		</section>
				</div>

<p>Curro Carreres director de escena Director español nacido en Murcia. Debuta en 2004 dirigiendo “Carmen” en el Festival de Los Veranos de la Villa de Madrid. Gana el Primer Premio del Concurso Nacional de Las Palmas de Gran Canaria 2005, y en mayo de 2006 dirigió “Don Pasquale” dentro del Festival de Ópera Alfredo Kraus.&nbsp; [&hellip;]</p>
