{"id":6255,"date":"2025-06-10T06:25:50","date_gmt":"2025-06-10T06:25:50","guid":{"rendered":"https:\/\/elargarmusical.com\/?post_type=product&#038;p=6255"},"modified":"2025-08-02T11:09:05","modified_gmt":"2025-08-02T11:09:05","slug":"pack-dia-2-y-3-de-agosto","status":"publish","type":"product","link":"https:\/\/elargarmusical.com\/?product=pack-dia-2-y-3-de-agosto","title":{"rendered":"PACK D\u00cdA 2 y 3 DE AGOSTO"},"content":{"rendered":"<p><span style=\"color: #ff0000;\"><strong>Pueden adquirirse en la taquilla del cine de ANTAS, Blas Infante 16<\/strong><\/span><\/p>\n<p><strong>Info y Precios para 2 de agosto:<\/strong><\/p>\n<div dir=\"ltr\">\n<h4><span style=\"color: #3366ff;\">\u00a1Aprovecha la oferta por un tiempo limitado!<\/span><\/h4>\n<\/div>\n<div dir=\"ltr\">\n<p><strong>Pack Gala L\u00edrica Ana H\u00e4sler y Amigos &amp; Desayuno arg\u00e1rico-musical con visitia guiada al CICA <\/strong>:\u00a0<b><\/b><\/p>\n<p><strong>Desde las 18:00 H VISITAS GUIADAS al CICA (grupos limitados por orden\u00a0de\u00a0llegada)<\/strong><\/p>\n<\/div>\n","protected":false},"excerpt":{"rendered":"<p><span style=\"color: #ff0000;\"><strong>Pueden adquirirse en la taquilla del cine de ANTAS, Blas Infante 16<\/strong><\/span><\/p>\n<p><strong>Info y Precios para 2 de agosto:<\/strong><\/p>\n<div dir=\"ltr\">\n<h4><span style=\"color: #3366ff;\">\u00a1Aprovecha la oferta por un tiempo limitado!<\/span><\/h4>\n<\/div>\n<div dir=\"ltr\">\n<p><strong>Pack Gala L\u00edrica Ana H\u00e4sler y Amigos &amp; Desayuno arg\u00e1rico-musical con visitia guiada al CICA <\/strong>:\u00a0<b><\/b><\/p>\n<p><strong>Desde las 18:00 H VISITAS GUIADAS al CICA (grupos limitados por orden\u00a0de\u00a0llegada)<\/strong><\/p>\n<\/div>\n","protected":false},"featured_media":6256,"comment_status":"open","ping_status":"closed","template":"","meta":[],"product_brand":[],"product_cat":[50],"product_tag":[63],"class_list":{"0":"post-6255","1":"product","2":"type-product","3":"status-publish","4":"has-post-thumbnail","6":"product_cat-entradas","7":"product_tag-entrada-libre-para-menores-de-16-anos","9":"first","10":"outofstock","11":"taxable","12":"shipping-taxable","13":"purchasable","14":"product-type-simple"},"_links":{"self":[{"href":"https:\/\/elargarmusical.com\/index.php?rest_route=\/wp\/v2\/product\/6255","targetHints":{"allow":["GET"]}}],"collection":[{"href":"https:\/\/elargarmusical.com\/index.php?rest_route=\/wp\/v2\/product"}],"about":[{"href":"https:\/\/elargarmusical.com\/index.php?rest_route=\/wp\/v2\/types\/product"}],"replies":[{"embeddable":true,"href":"https:\/\/elargarmusical.com\/index.php?rest_route=%2Fwp%2Fv2%2Fcomments&post=6255"}],"wp:featuredmedia":[{"embeddable":true,"href":"https:\/\/elargarmusical.com\/index.php?rest_route=\/wp\/v2\/media\/6256"}],"wp:attachment":[{"href":"https:\/\/elargarmusical.com\/index.php?rest_route=%2Fwp%2Fv2%2Fmedia&parent=6255"}],"wp:term":[{"taxonomy":"product_brand","embeddable":true,"href":"https:\/\/elargarmusical.com\/index.php?rest_route=%2Fwp%2Fv2%2Fproduct_brand&post=6255"},{"taxonomy":"product_cat","embeddable":true,"href":"https:\/\/elargarmusical.com\/index.php?rest_route=%2Fwp%2Fv2%2Fproduct_cat&post=6255"},{"taxonomy":"product_tag","embeddable":true,"href":"https:\/\/elargarmusical.com\/index.php?rest_route=%2Fwp%2Fv2%2Fproduct_tag&post=6255"}],"curies":[{"name":"wp","href":"https:\/\/api.w.org\/{rel}","templated":true}]}}

PACK DÍA 2 y 3 DE AGOSTO

<p><span style="color: #ff0000;"><strong>Pueden adquirirse en la taquilla del cine de ANTAS, Blas Infante 16</strong></span></p>
<p><strong>Info y Precios para 2 de agosto:</strong></p>
<div dir="ltr">
<h4><span style="color: #3366ff;">¡Aprovecha la oferta por un tiempo limitado!</span></h4>
</div>
<div dir="ltr">
<p><strong>Pack Gala Lírica Ana Häsler y Amigos &amp; Desayuno argárico-musical con visitia guiada al CICA </strong>: <b></b></p>
<p><strong>Desde las 18:00 H VISITAS GUIADAS al CICA (grupos limitados por orden de llegada)</strong></p>
</div>
