{"id":6287,"date":"2025-06-03T06:17:18","date_gmt":"2025-06-03T06:17:18","guid":{"rendered":"https:\/\/elargarmusical.com\/?post_type=product&#038;p=6287"},"modified":"2025-08-02T10:51:21","modified_gmt":"2025-08-02T10:51:21","slug":"experiencia-privada-el-argar-musical-vip-exclusiva-2-personas","status":"publish","type":"product","link":"https:\/\/elargarmusical.com\/?product=experiencia-privada-el-argar-musical-vip-exclusiva-2-personas","title":{"rendered":"Experiencia Privada El Argar Musical VIP Exclusiva (2 personas)"},"content":{"rendered":"<p><span style=\"color: #ff0000;\"><strong>Se pueden adquirir entradas desde hoy d\u00eda 10\/06\/2025<\/strong><\/span><\/p>\n<p><b><span style=\"color: #cb008e;\">\u00a1D\u00e9jate envolver por El Argar Musical, una celebraci\u00f3n para los sentidos,\u00a0junto a esa persona que lo hace inolvidable!<\/span><\/b><\/p>\n<p><strong>FECHA:<\/strong> 2 de agosto*<\/p>\n<p><strong>LUGAR:<\/strong> Cine de Paca, C. Blas Infante, 16, Antas<\/p>\n<div><strong>HORA:<\/strong> La \u00f3pera comienza a las 21:30 h, las puertas se abrir\u00e1n a las 20:00 h; habr\u00e1 barra de bebidas y un mercado arg\u00e1rico.<\/div>\n<div>\n<p>&nbsp;<\/p>\n<p><strong>La Experiencia Privada incluye:<\/strong><\/p>\n<p>&#8211; Recepci\u00f3n especial de bienvenida<\/p>\n<p>&#8211; Encuentro y photocall con los artistas<\/p>\n<p><strong>&#8211; Obsequio especial EAM:<\/strong><\/p>\n<p><em>* 2 camisetas EAM<\/em><\/p>\n<p><em>* Cartel del Festival autografiado<\/em><\/p>\n<p>&#8211; Asientos preferentes en la fila presidencial<\/p>\n<p>&#8211; Menci\u00f3n especial en el escenario<\/p>\n<p>&#8211; Tarta especial EAM<\/p>\n<p><strong>Opciones adicionales que pueden solicitarse:<\/strong><\/p>\n<p>&#8211; Alojamiento con desayuno en hotel la noche del d\u00eda 2 de agosto<\/p>\n<p>&#8211; Visita privada al poblado arg\u00e1rico y al CICA en Antas (Centro de Interpretaci\u00f3n de la Cultura Arg\u00e1rica) el d\u00eda 3 de agosto con horario a convenir<\/p>\n<p><strong>Para estas opciones escribir a: info@elargarmusical.com<\/strong><\/p>\n<p><strong>*La oferta es exclusiva para los d\u00edas 2 y 3 de agosto 2025 en Antas<\/strong><\/p>\n<\/div>\n","protected":false},"excerpt":{"rendered":"<p><b><span style=\"color: #cb008e;\">\u00a1D\u00e9jate envolver por El Argar Musical, una celebraci\u00f3n para los sentidos,\u00a0junto a esa persona que lo hace inolvidable!<\/span><\/b><\/p>\n<p><strong>FECHA:<\/strong> 2 de agosto*<\/p>\n<p><strong>LUGAR:<\/strong> Cine de Paca, C. Blas Infante, 16, Antas<\/p>\n<div><strong>HORA:<\/strong> La \u00f3pera comienza a las 21:30 h, las puertas se abrir\u00e1n a las 20:00 h; habr\u00e1 barra de bebidas y un mercado arg\u00e1rico.<\/div>\n<div><\/div>\n<div><\/div>\n<div>\n<p><strong>La Experiencia Privada incluye:<\/strong><\/p>\n<p>&#8211; Recepci\u00f3n especial de bienvenida<\/p>\n<p>&#8211; Encuentro y photocall con los artistas<\/p>\n<p><strong>&#8211; Obsequio especial EAM:<\/strong><\/p>\n<p><em>* 2 camisetas EAM<\/em><\/p>\n<p><em>* Cartel del Festival autografiado<\/em><\/p>\n<p><em>&#8211;<\/em> Asientos preferentes en la fila presidencial<\/p>\n<p>&#8211; Menci\u00f3n especial en el escenario<\/p>\n<p>&#8211; Tarta especial EAM<\/p>\n<p><strong>Opciones adicionales que pueden solicitarse:<\/strong><\/p>\n<p>&#8211; Alojamiento con desayuno en hotel la noche del d\u00eda 2 de agosto<\/p>\n<p>&#8211; Visita privada al poblado arg\u00e1rico y al CICA en Antas (Centro de Interpretaci\u00f3n de la Cultura Arg\u00e1rica) el d\u00eda 3 de agosto con horario a convenir<\/p>\n<p><strong>Para estas opciones escribir a: info@elargarmusical.com<\/strong><\/p>\n<p><strong>*La oferta es exclusiva para los d\u00edas 2 y 3 de agosto 2025 en Antas<\/strong><\/p>\n<\/div>\n","protected":false},"featured_media":6288,"comment_status":"open","ping_status":"closed","template":"","meta":[],"product_brand":[],"product_cat":[50],"product_tag":[64],"class_list":{"0":"post-6287","1":"product","2":"type-product","3":"status-publish","4":"has-post-thumbnail","6":"product_cat-entradas","7":"product_tag-precio-2-personas","9":"first","10":"outofstock","11":"taxable","12":"shipping-taxable","13":"purchasable","14":"product-type-simple"},"_links":{"self":[{"href":"https:\/\/elargarmusical.com\/index.php?rest_route=\/wp\/v2\/product\/6287","targetHints":{"allow":["GET"]}}],"collection":[{"href":"https:\/\/elargarmusical.com\/index.php?rest_route=\/wp\/v2\/product"}],"about":[{"href":"https:\/\/elargarmusical.com\/index.php?rest_route=\/wp\/v2\/types\/product"}],"replies":[{"embeddable":true,"href":"https:\/\/elargarmusical.com\/index.php?rest_route=%2Fwp%2Fv2%2Fcomments&post=6287"}],"wp:featuredmedia":[{"embeddable":true,"href":"https:\/\/elargarmusical.com\/index.php?rest_route=\/wp\/v2\/media\/6288"}],"wp:attachment":[{"href":"https:\/\/elargarmusical.com\/index.php?rest_route=%2Fwp%2Fv2%2Fmedia&parent=6287"}],"wp:term":[{"taxonomy":"product_brand","embeddable":true,"href":"https:\/\/elargarmusical.com\/index.php?rest_route=%2Fwp%2Fv2%2Fproduct_brand&post=6287"},{"taxonomy":"product_cat","embeddable":true,"href":"https:\/\/elargarmusical.com\/index.php?rest_route=%2Fwp%2Fv2%2Fproduct_cat&post=6287"},{"taxonomy":"product_tag","embeddable":true,"href":"https:\/\/elargarmusical.com\/index.php?rest_route=%2Fwp%2Fv2%2Fproduct_tag&post=6287"}],"curies":[{"name":"wp","href":"https:\/\/api.w.org\/{rel}","templated":true}]}}

<p><span style="color: #ff0000;"><strong>Se pueden adquirir entradas desde hoy día 10/06/2025</strong></span></p>
<p><b><span style="color: #cb008e;">¡Déjate envolver por El Argar Musical, una celebración para los sentidos, junto a esa persona que lo hace inolvidable!</span></b></p>
<p><strong>FECHA:</strong> 2 de agosto*</p>
<p><strong>LUGAR:</strong> Cine de Paca, C. Blas Infante, 16, Antas</p>
<div><strong>HORA:</strong> La ópera comienza a las 21:30 h, las puertas se abrirán a las 20:00 h; habrá barra de bebidas y un mercado argárico.</div>
<div>
<p>&nbsp;</p>
<p><strong>La Experiencia Privada incluye:</strong></p>
<p>&#8211; Recepción especial de bienvenida</p>
<p>&#8211; Encuentro y photocall con los artistas</p>
<p><strong>&#8211; Obsequio especial EAM:</strong></p>
<p><em>* 2 camisetas EAM</em></p>
<p><em>* Cartel del Festival autografiado</em></p>
<p>&#8211; Asientos preferentes en la fila presidencial</p>
<p>&#8211; Mención especial en el escenario</p>
<p>&#8211; Tarta especial EAM</p>
<p><strong>Opciones adicionales que pueden solicitarse:</strong></p>
<p>&#8211; Alojamiento con desayuno en hotel la noche del día 2 de agosto</p>
<p>&#8211; Visita privada al poblado argárico y al CICA en Antas (Centro de Interpretación de la Cultura Argárica) el día 3 de agosto con horario a convenir</p>
<p><strong>Para estas opciones escribir a: info@elargarmusical.com</strong></p>
<p><strong>*La oferta es exclusiva para los días 2 y 3 de agosto 2025 en Antas</strong></p>
</div>

<p><b><span style="color: #cb008e;">¡Déjate envolver por El Argar Musical, una celebración para los sentidos, junto a esa persona que lo hace inolvidable!</span></b></p>
<p><strong>FECHA:</strong> 2 de agosto*</p>
<p><strong>LUGAR:</strong> Cine de Paca, C. Blas Infante, 16, Antas</p>
<div><strong>HORA:</strong> La ópera comienza a las 21:30 h, las puertas se abrirán a las 20:00 h; habrá barra de bebidas y un mercado argárico.</div>
<div></div>
<div></div>
<div>
<p><strong>La Experiencia Privada incluye:</strong></p>
<p>&#8211; Recepción especial de bienvenida</p>
<p>&#8211; Encuentro y photocall con los artistas</p>
<p><strong>&#8211; Obsequio especial EAM:</strong></p>
<p><em>* 2 camisetas EAM</em></p>
<p><em>* Cartel del Festival autografiado</em></p>
<p><em>&#8211;</em> Asientos preferentes en la fila presidencial</p>
<p>&#8211; Mención especial en el escenario</p>
<p>&#8211; Tarta especial EAM</p>
<p><strong>Opciones adicionales que pueden solicitarse:</strong></p>
<p>&#8211; Alojamiento con desayuno en hotel la noche del día 2 de agosto</p>
<p>&#8211; Visita privada al poblado argárico y al CICA en Antas (Centro de Interpretación de la Cultura Argárica) el día 3 de agosto con horario a convenir</p>
<p><strong>Para estas opciones escribir a: info@elargarmusical.com</strong></p>
<p><strong>*La oferta es exclusiva para los días 2 y 3 de agosto 2025 en Antas</strong></p>
</div>
